CRAN Package Check Results for Package sfcr

Last updated on 2024-03-02 19:50:30 CET.

Flavor Version Tinstall Tcheck Ttotal Status Flags
r-devel-linux-x86_64-debian-clang 0.2.1 39.73 118.52 158.25 NOTE
r-devel-linux-x86_64-debian-gcc 0.2.1 29.64 87.75 117.39 NOTE
r-devel-linux-x86_64-fedora-clang 0.2.1 207.42 NOTE
r-devel-linux-x86_64-fedora-gcc 0.2.1 204.66 NOTE
r-devel-windows-x86_64 0.2.1 34.00 124.00 158.00 NOTE
r-patched-linux-x86_64 0.2.1 30.20 118.59 148.79 NOTE
r-release-linux-x86_64 0.2.1 27.34 117.30 144.64 NOTE
r-release-macos-arm64 0.2.1 63.00 NOTE
r-release-macos-x86_64 0.2.1 101.00 NOTE
r-release-windows-x86_64 0.2.1 41.00 155.00 196.00 NOTE
r-oldrel-macos-arm64 0.2.1 54.00 OK
r-oldrel-windows-x86_64 0.2.1 43.00 147.00 190.00 OK

Check Details

Version: 0.2.1
Check: C++ specification
Result: NOTE Specified C++11: please drop specification unless essential Flavors: r-devel-linux-x86_64-debian-clang, r-devel-linux-x86_64-debian-gcc, r-devel-linux-x86_64-fedora-clang, r-devel-linux-x86_64-fedora-gcc, r-devel-windows-x86_64, r-patched-linux-x86_64, r-release-linux-x86_64, r-release-macos-arm64, r-release-macos-x86_64, r-release-windows-x86_64

Version: 0.2.1
Check: package dependencies
Result: NOTE Package suggested but not available for checking: ‘ggraph’ Flavor: r-release-macos-x86_64