CRAN Package Check Results for Package sfo

Last updated on 2024-07-24 21:50:41 CEST.

Flavor Version Tinstall Tcheck Ttotal Status Flags
r-devel-linux-x86_64-debian-clang 0.1.2 3.93 41.94 45.87 OK
r-devel-linux-x86_64-debian-gcc 0.1.2 3.77 32.23 36.00 OK
r-devel-linux-x86_64-fedora-clang 0.1.2 58.90 NOTE
r-devel-linux-x86_64-fedora-gcc 0.1.2 67.92 OK
r-devel-windows-x86_64 0.1.2 5.00 55.00 60.00 NOTE
r-patched-linux-x86_64 0.1.2 4.62 39.87 44.49 OK
r-release-linux-x86_64 0.1.2 3.97 39.87 43.84 OK
r-release-macos-arm64 0.1.2 31.00 NOTE
r-release-macos-x86_64 0.1.2 64.00 NOTE
r-release-windows-x86_64 0.1.2 8.00 55.00 63.00 NOTE
r-oldrel-macos-arm64 0.1.2 31.00 NOTE
r-oldrel-macos-x86_64 0.1.2 47.00 NOTE
r-oldrel-windows-x86_64 0.1.2 8.00 60.00 68.00 NOTE

Check Details

Version: 0.1.2
Check: installed package size
Result: NOTE installed size is 5.9Mb sub-directories of 1Mb or more: doc 5.1Mb Flavors: r-devel-linux-x86_64-fedora-clang, r-devel-windows-x86_64, r-release-macos-arm64, r-release-macos-x86_64, r-release-windows-x86_64, r-oldrel-macos-arm64, r-oldrel-macos-x86_64, r-oldrel-windows-x86_64