CRAN Package Check Results for Package sgr

Last updated on 2021-11-29 19:51:45 CET.

Flavor Version Tinstall Tcheck Ttotal Status Flags
r-devel-linux-x86_64-debian-clang 1.3 2.68 24.92 27.60 NOTE
r-devel-linux-x86_64-debian-gcc 1.3 1.96 20.16 22.12 NOTE
r-devel-linux-x86_64-fedora-clang 1.3 45.87 NOTE
r-devel-linux-x86_64-fedora-gcc 1.3 34.80 NOTE
r-devel-windows-x86_64-new-UL 1.3 7.00 62.00 69.00 NOTE
r-devel-windows-x86_64-new-TK 1.3 NOTE
r-devel-windows-x86_64-old 1.3 4.00 34.00 38.00 NOTE
r-patched-linux-x86_64 1.3 2.59 24.37 26.96 NOTE
r-patched-solaris-x86 1.3 52.30 NOTE
r-release-linux-x86_64 1.3 2.66 24.57 27.23 NOTE
r-release-macos-arm64 1.3 NOTE
r-release-macos-x86_64 1.3 NOTE
r-release-windows-ix86+x86_64 1.3 6.00 33.00 39.00 NOTE
r-oldrel-macos-x86_64 1.3 NOTE
r-oldrel-windows-ix86+x86_64 1.3 5.00 42.00 47.00 NOTE

Check Details

Version: 1.3
Check: R code for possible problems
Result: NOTE
    amse: no visible global function definition for 'na.omit'
    arb: no visible global function definition for 'na.omit'
    rdatagen: no visible global function definition for 'qnorm'
    rdatagen: no visible global function definition for 'pbinom'
    rdatagen: no visible global function definition for 'pnorm'
    Undefined global functions or variables:
     na.omit pbinom pnorm qnorm
    Consider adding
     importFrom("stats", "na.omit", "pbinom", "pnorm", "qnorm")
    to your NAMESPACE file.
Flavors: r-devel-linux-x86_64-debian-clang, r-devel-linux-x86_64-debian-gcc, r-devel-linux-x86_64-fedora-clang, r-devel-linux-x86_64-fedora-gcc, r-devel-windows-x86_64-new-UL, r-devel-windows-x86_64-new-TK, r-devel-windows-x86_64-old, r-patched-linux-x86_64, r-patched-solaris-x86, r-release-linux-x86_64, r-release-macos-arm64, r-release-macos-x86_64, r-release-windows-ix86+x86_64, r-oldrel-macos-x86_64, r-oldrel-windows-ix86+x86_64