CRAN Package Check Results for Package sgsR

Last updated on 2022-12-06 19:55:56 CET.

Flavor Version Tinstall Tcheck Ttotal Status Flags
r-devel-linux-x86_64-debian-clang 1.3.2 9.72 543.05 552.77 OK
r-devel-linux-x86_64-debian-gcc 1.3.2 7.85 402.67 410.52 OK
r-devel-linux-x86_64-fedora-clang 1.3.2 621.34 OK
r-devel-linux-x86_64-fedora-gcc 1.3.2 663.41 OK
r-devel-windows-x86_64 1.3.2 40.00 585.00 625.00 OK
r-patched-linux-x86_64 1.3.2 8.55 506.60 515.15 OK
r-release-linux-x86_64 1.3.2 6.05 463.52 469.57 OK
r-release-macos-arm64 1.3.2 226.00 OK
r-release-macos-x86_64 1.3.2 252.00 OK
r-release-windows-x86_64 1.3.2 40.00 562.00 602.00 OK
r-oldrel-macos-arm64 1.3.2 196.00 WARN
r-oldrel-macos-x86_64 1.3.2 271.00 WARN
r-oldrel-windows-ix86+x86_64 1.3.2 22.00 616.00 638.00 OK

Additional issues

ATLAS

Check Details

Version: 1.3.2
Check: for executable files
Result: WARN
    Found the following executable files:
     inst/extdata/access.dbf
     inst/extdata/existing.dbf
     inst/extdata/existingna.dbf
    Source packages should not contain undeclared executable files.
    See section ‘Package structure’ in the ‘Writing R Extensions’ manual.
Flavors: r-oldrel-macos-arm64, r-oldrel-macos-x86_64