CRAN Package Check Results for Package shapefiles

Last updated on 2022-05-24 21:51:53 CEST.

Flavor Version Tinstall Tcheck Ttotal Status Flags
r-devel-linux-x86_64-debian-clang 0.7 2.78 32.65 35.43 NOTE
r-devel-linux-x86_64-debian-gcc 0.7 2.18 25.58 27.76 NOTE
r-devel-linux-x86_64-fedora-clang 0.7 43.62 NOTE
r-devel-linux-x86_64-fedora-gcc 0.7 32.46 NOTE
r-devel-windows-x86_64 0.7 14.00 48.00 62.00 NOTE
r-patched-linux-x86_64 0.7 2.68 31.67 34.35 NOTE
r-release-linux-x86_64 0.7 NOTE
r-release-macos-arm64 0.7 15.00 NOTE
r-release-macos-x86_64 0.7 21.00 NOTE
r-release-windows-x86_64 0.7 7.00 49.00 56.00 NOTE
r-oldrel-macos-arm64 0.7 34.00 NOTE
r-oldrel-macos-x86_64 0.7 26.00 NOTE
r-oldrel-windows-ix86+x86_64 0.7 5.00 38.00 43.00 NOTE

Check Details

Version: 0.7
Check: DESCRIPTION meta-information
Result: NOTE
    Malformed Description field: should contain one or more complete sentences.
Flavors: r-devel-linux-x86_64-debian-clang, r-devel-linux-x86_64-debian-gcc, r-devel-linux-x86_64-fedora-clang, r-devel-linux-x86_64-fedora-gcc, r-devel-windows-x86_64, r-patched-linux-x86_64, r-release-linux-x86_64, r-release-macos-arm64, r-release-macos-x86_64, r-release-windows-x86_64, r-oldrel-macos-arm64, r-oldrel-macos-x86_64, r-oldrel-windows-ix86+x86_64

Version: 0.7
Check: dependencies in R code
Result: NOTE
    'library' or 'require' call to 'foreign' which was already attached by Depends.
     Please remove these calls from your code.
Flavors: r-devel-linux-x86_64-debian-clang, r-devel-linux-x86_64-debian-gcc, r-devel-linux-x86_64-fedora-clang, r-devel-linux-x86_64-fedora-gcc, r-devel-windows-x86_64, r-patched-linux-x86_64, r-release-linux-x86_64, r-release-macos-arm64, r-release-macos-x86_64, r-release-windows-x86_64, r-oldrel-macos-arm64, r-oldrel-macos-x86_64, r-oldrel-windows-ix86+x86_64