CRAN Package Check Results for Package shapper

Last updated on 2022-05-22 21:54:01 CEST.

Flavor Version Tinstall Tcheck Ttotal Status Flags
r-devel-linux-x86_64-debian-clang 0.1.3 11.47 113.46 124.93 NOTE
r-devel-linux-x86_64-debian-gcc 0.1.3 7.83 86.42 94.25 NOTE
r-devel-linux-x86_64-fedora-clang 0.1.3 159.60 NOTE
r-devel-linux-x86_64-fedora-gcc 0.1.3 139.38 NOTE
r-devel-windows-x86_64 0.1.3 22.00 145.00 167.00 NOTE
r-patched-linux-x86_64 0.1.3 11.15 109.04 120.19 NOTE
r-release-linux-x86_64 0.1.3 8.33 107.59 115.92 NOTE
r-release-macos-arm64 0.1.3 43.00 NOTE
r-release-macos-x86_64 0.1.3 72.00 NOTE
r-release-windows-x86_64 0.1.3 25.00 148.00 173.00 NOTE
r-oldrel-macos-arm64 0.1.3 46.00 NOTE
r-oldrel-macos-x86_64 0.1.3 73.00 NOTE
r-oldrel-windows-ix86+x86_64 0.1.3 25.00 141.00 166.00 NOTE

Check Details

Version: 0.1.3
Check: LazyData
Result: NOTE
     'LazyData' is specified without a 'data' directory
Flavors: r-devel-linux-x86_64-debian-clang, r-devel-linux-x86_64-debian-gcc, r-devel-linux-x86_64-fedora-clang, r-devel-linux-x86_64-fedora-gcc, r-devel-windows-x86_64, r-patched-linux-x86_64, r-release-linux-x86_64, r-release-macos-arm64, r-release-macos-x86_64, r-release-windows-x86_64, r-oldrel-macos-arm64, r-oldrel-macos-x86_64, r-oldrel-windows-ix86+x86_64