CRAN Package Check Results for Package shiny

Last updated on 2021-11-26 20:49:48 CET.

Flavor Version Tinstall Tcheck Ttotal Status Flags
r-devel-linux-x86_64-debian-clang 1.7.1 32.64 133.65 166.29 OK
r-devel-linux-x86_64-debian-gcc 1.7.1 28.30 103.78 132.08 OK
r-devel-linux-x86_64-fedora-clang 1.7.1 215.03 NOTE
r-devel-linux-x86_64-fedora-gcc 1.7.1 208.56 OK
r-devel-windows-x86_64-new-UL 1.7.1 92.00 216.00 308.00 NOTE
r-devel-windows-x86_64-new-TK 1.7.1 OK
r-devel-windows-x86_64-old 1.7.1 37.00 198.00 235.00 NOTE
r-patched-linux-x86_64 1.7.1 42.59 129.28 171.87 OK
r-patched-solaris-x86 1.7.1 265.10 NOTE
r-release-linux-x86_64 1.7.1 OK
r-release-macos-arm64 1.7.1 NOTE
r-release-macos-x86_64 1.7.1 NOTE
r-release-windows-ix86+x86_64 1.7.1 63.00 144.00 207.00 NOTE
r-oldrel-macos-x86_64 1.7.1 NOTE
r-oldrel-windows-ix86+x86_64 1.7.1 42.00 188.00 230.00 NOTE

Check Details

Version: 1.7.1
Check: installed package size
Result: NOTE
     installed size is 10.1Mb
     sub-directories of 1Mb or more:
     R 1.6Mb
     www 7.2Mb
Flavors: r-devel-linux-x86_64-fedora-clang, r-devel-windows-x86_64-new-UL, r-devel-windows-x86_64-old, r-patched-solaris-x86, r-release-macos-arm64, r-release-macos-x86_64, r-release-windows-ix86+x86_64, r-oldrel-macos-x86_64, r-oldrel-windows-ix86+x86_64