Last updated on 2023-05-28 22:00:22 CEST.
Flavor | Version | Tinstall | Tcheck | Ttotal | Status | Flags |
---|---|---|---|---|---|---|
r-devel-linux-x86_64-debian-clang | 0.4.2 | 5.74 | 42.79 | 48.53 | OK | |
r-devel-linux-x86_64-debian-gcc | 0.4.2 | 4.46 | 34.20 | 38.66 | OK | |
r-devel-linux-x86_64-fedora-clang | 0.4.2 | 63.78 | NOTE | |||
r-devel-linux-x86_64-fedora-gcc | 0.4.2 | 71.99 | OK | |||
r-devel-windows-x86_64 | 0.4.2 | 8.00 | 57.00 | 65.00 | NOTE | |
r-patched-linux-x86_64 | 0.4.2 | 7.09 | 42.09 | 49.18 | OK | |
r-release-linux-x86_64 | 0.4.2 | 6.38 | 41.75 | 48.13 | OK | |
r-release-macos-arm64 | 0.4.2 | 32.00 | NOTE | |||
r-release-macos-x86_64 | 0.4.2 | 48.00 | NOTE | |||
r-release-windows-x86_64 | 0.4.2 | 10.00 | 62.00 | 72.00 | NOTE | |
r-oldrel-macos-arm64 | 0.4.2 | 28.00 | NOTE | |||
r-oldrel-macos-x86_64 | 0.4.2 | 40.00 | NOTE | |||
r-oldrel-windows-x86_64 | 0.4.2 | 10.00 | 66.00 | 76.00 | NOTE |
Version: 0.4.2
Check: installed package size
Result: NOTE
installed size is 8.1Mb
sub-directories of 1Mb or more:
www 7.7Mb
Flavors: r-devel-linux-x86_64-fedora-clang, r-devel-windows-x86_64, r-release-macos-arm64, r-release-macos-x86_64, r-release-windows-x86_64, r-oldrel-macos-arm64, r-oldrel-macos-x86_64, r-oldrel-windows-x86_64