Last updated on 2025-01-23 20:48:41 CET.
Flavor | Version | Tinstall | Tcheck | Ttotal | Status | Flags |
---|---|---|---|---|---|---|
r-devel-linux-x86_64-debian-clang | 0.0.5 | 6.97 | 51.08 | 58.05 | OK | |
r-devel-linux-x86_64-debian-gcc | 0.0.5 | 5.40 | 37.26 | 42.66 | NOTE | |
r-devel-linux-x86_64-fedora-clang | 0.0.5 | 94.62 | OK | |||
r-devel-linux-x86_64-fedora-gcc | 0.0.5 | 85.61 | OK | |||
r-devel-windows-x86_64 | 0.0.5 | 8.00 | 66.00 | 74.00 | OK | |
r-patched-linux-x86_64 | 0.0.5 | 6.31 | 48.26 | 54.57 | OK | |
r-release-linux-x86_64 | 0.0.5 | 6.38 | 47.24 | 53.62 | OK | |
r-release-macos-arm64 | 0.0.5 | 26.00 | OK | |||
r-release-macos-x86_64 | 0.0.5 | 46.00 | OK | |||
r-release-windows-x86_64 | 0.0.5 | 9.00 | 62.00 | 71.00 | OK | |
r-oldrel-macos-arm64 | 0.0.5 | 38.00 | OK | |||
r-oldrel-macos-x86_64 | 0.0.5 | 72.00 | OK | |||
r-oldrel-windows-x86_64 | 0.0.5 | 11.00 | 72.00 | 83.00 | OK |
Version: 0.0.5
Check: DESCRIPTION meta-information
Result: NOTE
Missing dependency on R >= 4.1.0 because package code uses the pipe
|> or function shorthand \(...) syntax added in R 4.1.0.
File(s) using such syntax:
‘continue_sequence.R’ ‘get_exchange_rates.R’
Flavor: r-devel-linux-x86_64-debian-gcc