CRAN Package Check Results for Package shinyPredict

Last updated on 2021-12-03 19:50:27 CET.

Flavor Version Tinstall Tcheck Ttotal Status Flags
r-devel-linux-x86_64-debian-clang 0.1.1 1.90 19.46 21.36 NOTE
r-devel-linux-x86_64-debian-gcc 0.1.1 1.44 15.60 17.04 NOTE
r-devel-linux-x86_64-fedora-clang 0.1.1 37.15 NOTE
r-devel-linux-x86_64-fedora-gcc 0.1.1 26.21 NOTE
r-devel-windows-x86_64-new-UL 0.1.1 6.00 52.00 58.00 NOTE
r-devel-windows-x86_64-new-TK 0.1.1 NOTE
r-devel-windows-x86_64-old 0.1.1 3.00 29.00 32.00 NOTE
r-patched-linux-x86_64 0.1.1 1.82 18.56 20.38 NOTE
r-release-linux-x86_64 0.1.1 1.89 18.71 20.60 NOTE
r-release-macos-arm64 0.1.1 NOTE
r-release-macos-x86_64 0.1.1 NOTE
r-release-windows-ix86+x86_64 0.1.1 5.00 39.00 44.00 NOTE
r-oldrel-macos-x86_64 0.1.1 OK
r-oldrel-windows-ix86+x86_64 0.1.1 5.00 38.00 43.00 OK

Check Details

Version: 0.1.1
Check: LazyData
Result: NOTE
     'LazyData' is specified without a 'data' directory
Flavors: r-devel-linux-x86_64-debian-clang, r-devel-linux-x86_64-debian-gcc, r-devel-linux-x86_64-fedora-clang, r-devel-linux-x86_64-fedora-gcc, r-devel-windows-x86_64-new-UL, r-devel-windows-x86_64-new-TK, r-devel-windows-x86_64-old, r-patched-linux-x86_64, r-release-linux-x86_64, r-release-macos-arm64, r-release-macos-x86_64, r-release-windows-ix86+x86_64