CRAN Package Check Results for Package shinyalert

Last updated on 2023-06-07 22:02:55 CEST.

Flavor Version Tinstall Tcheck Ttotal Status Flags
r-devel-linux-x86_64-debian-clang 3.0.0 2.49 21.51 24.00 OK
r-devel-linux-x86_64-debian-gcc 3.0.0 1.82 16.97 18.79 OK
r-devel-linux-x86_64-fedora-clang 3.0.0 30.39 NOTE
r-devel-linux-x86_64-fedora-gcc 3.0.0 28.21 NOTE
r-devel-windows-x86_64 3.0.0 4.00 40.00 44.00 OK
r-patched-linux-x86_64 3.0.0 1.65 20.89 22.54 OK
r-release-linux-x86_64 3.0.0 1.86 20.88 22.74 OK
r-release-macos-arm64 3.0.0 17.00 OK
r-release-macos-x86_64 3.0.0 20.00 OK
r-release-windows-x86_64 3.0.0 5.00 39.00 44.00 OK
r-oldrel-macos-arm64 3.0.0 16.00 NOTE
r-oldrel-macos-x86_64 3.0.0 26.00 NOTE
r-oldrel-windows-x86_64 3.0.0 5.00 41.00 46.00 OK

Check Details

Version: 3.0.0
Check: dependencies in R code
Result: NOTE
    Namespace in Imports field not imported from: ‘stats’
     All declared Imports should be used.
Flavors: r-devel-linux-x86_64-fedora-clang, r-devel-linux-x86_64-fedora-gcc, r-oldrel-macos-arm64, r-oldrel-macos-x86_64