CRAN Package Check Results for Package shinybusy

Last updated on 2022-01-26 19:50:46 CET.

Flavor Version Tinstall Tcheck Ttotal Status Flags
r-devel-linux-x86_64-debian-clang 0.2.2 4.96 53.64 58.60 NOTE
r-devel-linux-x86_64-debian-gcc 0.2.2 3.79 41.52 45.31 NOTE
r-devel-linux-x86_64-fedora-clang 0.2.2 71.17 NOTE
r-devel-linux-x86_64-fedora-gcc 0.2.2 60.00 NOTE
r-devel-windows-x86_64-new-UL 0.2.2 76.00 88.00 164.00 NOTE
r-devel-windows-x86_64-new-TK 0.2.2 NOTE
r-patched-linux-x86_64 0.2.2 4.31 51.70 56.01 NOTE
r-release-linux-x86_64 0.2.2 3.92 51.36 55.28 NOTE
r-release-macos-arm64 0.2.2 NOTE
r-release-macos-x86_64 0.2.2 NOTE
r-release-windows-ix86+x86_64 0.2.2 12.00 74.00 86.00 NOTE
r-oldrel-macos-x86_64 0.2.2 OK
r-oldrel-windows-ix86+x86_64 0.2.2 11.00 70.00 81.00 OK

Check Details

Version: 0.2.2
Check: LazyData
Result: NOTE
     'LazyData' is specified without a 'data' directory
Flavors: r-devel-linux-x86_64-debian-clang, r-devel-linux-x86_64-debian-gcc, r-devel-linux-x86_64-fedora-clang, r-devel-linux-x86_64-fedora-gcc, r-devel-windows-x86_64-new-UL, r-devel-windows-x86_64-new-TK, r-patched-linux-x86_64, r-release-linux-x86_64, r-release-macos-arm64, r-release-macos-x86_64, r-release-windows-ix86+x86_64