CRAN Package Check Results for Package shinydisconnect

Last updated on 2024-06-18 21:48:32 CEST.

Flavor Version Tinstall Tcheck Ttotal Status Flags
r-devel-linux-x86_64-debian-clang 0.1.1 1.49 21.55 23.04 OK
r-devel-linux-x86_64-debian-gcc 0.1.1 1.73 16.17 17.90 OK
r-devel-linux-x86_64-fedora-clang 0.1.1 29.59 NOTE
r-devel-linux-x86_64-fedora-gcc 0.1.1 27.39 NOTE
r-devel-windows-x86_64 0.1.1 3.00 38.00 41.00 OK
r-patched-linux-x86_64 0.1.1 2.16 20.69 22.85 OK
r-release-linux-x86_64 0.1.1 2.17 20.82 22.99 OK
r-release-macos-arm64 0.1.1 15.00 OK
r-release-macos-x86_64 0.1.1 21.00 OK
r-release-windows-x86_64 0.1.1 3.00 40.00 43.00 OK
r-oldrel-macos-arm64 0.1.1 20.00 OK
r-oldrel-macos-x86_64 0.1.1 25.00 OK
r-oldrel-windows-x86_64 0.1.1 4.00 39.00 43.00 OK

Check Details

Version: 0.1.1
Check: dependencies in R code
Result: NOTE Namespace in Imports field not imported from: ‘shiny’ All declared Imports should be used. Flavors: r-devel-linux-x86_64-fedora-clang, r-devel-linux-x86_64-fedora-gcc