CRAN Package Check Results for Package shinydlplot

Last updated on 2022-01-25 19:50:46 CET.

Flavor Version Tinstall Tcheck Ttotal Status Flags
r-devel-linux-x86_64-debian-clang 0.1.3 3.18 43.08 46.26 NOTE
r-devel-linux-x86_64-debian-gcc 0.1.3 3.10 34.13 37.23 NOTE
r-devel-linux-x86_64-fedora-clang 0.1.3 58.60 NOTE
r-devel-linux-x86_64-fedora-gcc 0.1.3 47.15 NOTE
r-devel-windows-x86_64-new-UL 0.1.3 31.00 70.00 101.00 NOTE
r-devel-windows-x86_64-new-TK 0.1.3 NOTE
r-patched-linux-x86_64 0.1.3 10.16 41.74 51.90 NOTE
r-release-linux-x86_64 0.1.3 2.76 41.82 44.58 NOTE
r-release-macos-arm64 0.1.3 NOTE
r-release-macos-x86_64 0.1.3 NOTE
r-release-windows-ix86+x86_64 0.1.3 9.00 55.00 64.00 NOTE
r-oldrel-macos-x86_64 0.1.3 OK
r-oldrel-windows-ix86+x86_64 0.1.3 10.00 56.00 66.00 OK

Check Details

Version: 0.1.3
Check: LazyData
Result: NOTE
     'LazyData' is specified without a 'data' directory
Flavors: r-devel-linux-x86_64-debian-clang, r-devel-linux-x86_64-debian-gcc, r-devel-linux-x86_64-fedora-clang, r-devel-linux-x86_64-fedora-gcc, r-devel-windows-x86_64-new-UL, r-devel-windows-x86_64-new-TK, r-patched-linux-x86_64, r-release-linux-x86_64, r-release-macos-arm64, r-release-macos-x86_64, r-release-windows-ix86+x86_64