CRAN Package Check Results for Package shinyfilter

Last updated on 2022-01-25 19:50:46 CET.

Flavor Version Tinstall Tcheck Ttotal Status Flags
r-devel-linux-x86_64-debian-clang 0.1.1 2.54 29.44 31.98 OK
r-devel-linux-x86_64-debian-gcc 0.1.1 2.15 23.45 25.60 OK
r-devel-linux-x86_64-fedora-clang 0.1.1 39.73 NOTE
r-devel-linux-x86_64-fedora-gcc 0.1.1 28.36 NOTE
r-devel-windows-x86_64-new-UL 0.1.1 24.00 52.00 76.00 OK
r-devel-windows-x86_64-new-TK 0.1.1 NOTE
r-patched-linux-x86_64 0.1.1 2.74 28.35 31.09 OK
r-release-linux-x86_64 0.1.1 1.67 28.47 30.14 OK
r-release-macos-arm64 0.1.1 NOTE
r-release-macos-x86_64 0.1.1 NOTE
r-release-windows-ix86+x86_64 0.1.1 6.00 38.00 44.00 OK
r-oldrel-macos-x86_64 0.1.1 NOTE
r-oldrel-windows-ix86+x86_64 0.1.1 6.00 37.00 43.00 OK

Check Details

Version: 0.1.1
Check: dependencies in R code
Result: NOTE
    Namespace in Imports field not imported from: ‘reactable’
     All declared Imports should be used.
Flavors: r-devel-linux-x86_64-fedora-clang, r-devel-linux-x86_64-fedora-gcc, r-devel-windows-x86_64-new-TK, r-release-macos-arm64, r-release-macos-x86_64, r-oldrel-macos-x86_64