CRAN Package Check Results for Package signal

Last updated on 2022-01-25 19:50:46 CET.

Flavor Version Tinstall Tcheck Ttotal Status Flags
r-devel-linux-x86_64-debian-clang 0.7-7 6.31 51.84 58.15 OK
r-devel-linux-x86_64-debian-gcc 0.7-7 4.53 39.55 44.08 OK
r-devel-linux-x86_64-fedora-clang 0.7-7 71.63 NOTE
r-devel-linux-x86_64-fedora-gcc 0.7-7 60.49 NOTE
r-devel-windows-x86_64-new-UL 0.7-7 75.00 85.00 160.00 OK
r-devel-windows-x86_64-new-TK 0.7-7 OK
r-patched-linux-x86_64 0.7-7 6.24 49.16 55.40 OK
r-release-linux-x86_64 0.7-7 6.52 49.29 55.81 OK
r-release-macos-arm64 0.7-7 OK
r-release-macos-x86_64 0.7-7 OK
r-release-windows-ix86+x86_64 0.7-7 15.00 73.00 88.00 OK
r-oldrel-macos-x86_64 0.7-7 OK
r-oldrel-windows-ix86+x86_64 0.7-7 15.00 71.00 86.00 OK

Check Details

Version: 0.7-7
Check: compiled code
Result: NOTE
    File ‘signal/libs/signal.so’:
     Found no calls to: ‘R_registerRoutines’, ‘R_useDynamicSymbols’
    
    It is good practice to register native routines and to disable symbol
    search.
    
    See ‘Writing portable packages’ in the ‘Writing R Extensions’ manual.
Flavors: r-devel-linux-x86_64-fedora-clang, r-devel-linux-x86_64-fedora-gcc