CRAN Package Check Results for Package signalHsmm

Last updated on 2025-01-19 19:48:31 CET.

Flavor Version Tinstall Tcheck Ttotal Status Flags
r-devel-linux-x86_64-debian-clang 1.5 11.98 34.76 46.74 NOTE
r-devel-linux-x86_64-debian-gcc 1.5 8.99 26.78 35.77 NOTE
r-devel-linux-x86_64-fedora-clang 1.5 81.73 NOTE
r-devel-linux-x86_64-fedora-gcc 1.5 79.67 NOTE
r-devel-windows-x86_64 1.5 19.00 71.00 90.00 NOTE
r-patched-linux-x86_64 1.5 11.83 33.16 44.99 NOTE
r-release-linux-x86_64 1.5 11.74 32.62 44.36 NOTE
r-release-macos-arm64 1.5 26.00 NOTE
r-release-macos-x86_64 1.5 39.00 NOTE
r-release-windows-x86_64 1.5 20.00 72.00 92.00 NOTE
r-oldrel-macos-arm64 1.5 28.00 OK
r-oldrel-macos-x86_64 1.5 46.00 OK
r-oldrel-windows-x86_64 1.5 20.00 82.00 102.00 OK

Check Details

Version: 1.5
Check: Rd files
Result: NOTE checkRd: (-1) add_k_mer_state.Rd:33: Lost braces in \itemize; \value handles \item{}{} directly checkRd: (-1) add_k_mer_state.Rd:34: Lost braces in \itemize; \value handles \item{}{} directly checkRd: (-1) add_k_mer_state.Rd:35: Lost braces in \itemize; \value handles \item{}{} directly checkRd: (-1) add_k_mer_state.Rd:36: Lost braces in \itemize; \value handles \item{}{} directly checkRd: (-1) duration_viterbi.Rd:23: Lost braces in \itemize; \value handles \item{}{} directly checkRd: (-1) duration_viterbi.Rd:24: Lost braces in \itemize; \value handles \item{}{} directly checkRd: (-1) duration_viterbi.Rd:25: Lost braces in \itemize; \value handles \item{}{} directly checkRd: (-1) duration_viterbi.Rd:26: Lost braces in \itemize; \value handles \item{}{} directly Flavors: r-devel-linux-x86_64-debian-clang, r-devel-linux-x86_64-debian-gcc, r-devel-linux-x86_64-fedora-clang, r-devel-linux-x86_64-fedora-gcc, r-devel-windows-x86_64, r-patched-linux-x86_64, r-release-linux-x86_64, r-release-macos-arm64, r-release-macos-x86_64, r-release-windows-x86_64