CRAN Package Check Results for Package signs

Last updated on 2024-03-04 19:54:25 CET.

Flavor Version Tinstall Tcheck Ttotal Status Flags
r-devel-linux-x86_64-debian-clang 0.1.2 3.95 47.32 51.27 NOTE
r-devel-linux-x86_64-debian-gcc 0.1.2 2.80 37.04 39.84 NOTE
r-devel-linux-x86_64-fedora-clang 0.1.2 64.71 NOTE
r-devel-linux-x86_64-fedora-gcc 0.1.2 77.95 NOTE
r-devel-windows-x86_64 0.1.2 4.00 57.00 61.00 NOTE
r-patched-linux-x86_64 0.1.2 3.65 46.85 50.50 NOTE
r-release-linux-x86_64 0.1.2 3.79 47.04 50.83 NOTE
r-release-macos-arm64 0.1.2 30.00 NOTE
r-release-macos-x86_64 0.1.2 44.00 NOTE
r-release-windows-x86_64 0.1.2 5.00 61.00 66.00 NOTE
r-oldrel-macos-arm64 0.1.2 27.00 NOTE
r-oldrel-windows-x86_64 0.1.2 5.00 66.00 71.00 NOTE

Check Details

Version: 0.1.2
Check: LazyData
Result: NOTE 'LazyData' is specified without a 'data' directory Flavors: r-devel-linux-x86_64-debian-clang, r-devel-linux-x86_64-debian-gcc, r-devel-linux-x86_64-fedora-clang, r-devel-linux-x86_64-fedora-gcc, r-devel-windows-x86_64, r-patched-linux-x86_64, r-release-linux-x86_64, r-release-macos-arm64, r-release-macos-x86_64, r-release-windows-x86_64, r-oldrel-macos-arm64, r-oldrel-windows-x86_64