CRAN Package Check Results for Package siland

Last updated on 2024-02-26 19:50:22 CET.

Flavor Version Tinstall Tcheck Ttotal Status Flags
r-devel-linux-x86_64-debian-clang 3.0.2 38.34 473.28 511.62 NOTE
r-devel-linux-x86_64-debian-gcc 3.0.2 30.38 338.56 368.94 NOTE
r-devel-linux-x86_64-fedora-clang 3.0.2 NOTE
r-devel-linux-x86_64-fedora-gcc 3.0.2 640.28 NOTE
r-devel-windows-x86_64 3.0.2 33.00 333.00 366.00 OK
r-patched-linux-x86_64 3.0.2 39.92 450.52 490.44 OK
r-release-linux-x86_64 3.0.2 28.39 447.40 475.79 OK
r-release-macos-arm64 3.0.2 170.00 OK
r-release-macos-x86_64 3.0.2 296.00 OK
r-release-windows-x86_64 3.0.2 44.00 426.00 470.00 OK
r-oldrel-macos-arm64 3.0.2 164.00 OK
r-oldrel-windows-x86_64 3.0.2 47.00 430.00 477.00 OK

Check Details

Version: 3.0.2
Check: Rd files
Result: NOTE checkRd: (-1) siland.Rd:64: Lost braces; missing escapes or markup? 64 | \item x_{l,i}, local variable l, | ^ checkRd: (-1) siland.Rd:70: Lost braces; missing escapes or markup? 70 | \item d_{r,i} the distance between the center of pixel r and the observation at site i. | ^ Flavors: r-devel-linux-x86_64-debian-clang, r-devel-linux-x86_64-debian-gcc, r-devel-linux-x86_64-fedora-clang, r-devel-linux-x86_64-fedora-gcc