CRAN Package Check Results for Package sim2Dpredictr

Last updated on 2021-03-07 19:49:09 CET.

Flavor Version Tinstall Tcheck Ttotal Status Flags
r-devel-linux-x86_64-debian-clang 0.1.0 9.27 86.10 95.37 OK
r-devel-linux-x86_64-debian-gcc 0.1.0 6.70 62.00 68.70 OK
r-devel-linux-x86_64-fedora-clang 0.1.0 118.06 NOTE
r-devel-linux-x86_64-fedora-gcc 0.1.0 106.79 NOTE
r-devel-windows-ix86+x86_64 0.1.0 21.00 95.00 116.00 OK
r-devel-windows-x86_64-gcc10-UCRT 0.1.0 NOTE
r-patched-linux-x86_64 0.1.0 9.08 78.08 87.16 OK
r-patched-solaris-x86 0.1.0 145.90 NOTE
r-release-linux-x86_64 0.1.0 9.48 78.23 87.71 OK
r-release-macos-x86_64 0.1.0 NOTE
r-release-windows-ix86+x86_64 0.1.0 15.00 83.00 98.00 OK
r-oldrel-macos-x86_64 0.1.0 NOTE
r-oldrel-windows-ix86+x86_64 0.1.0 12.00 76.00 88.00 OK

Check Details

Version: 0.1.0
Check: dependencies in R code
Result: NOTE
    Namespaces in Imports field not imported from:
     ‘car’ ‘ggplot2’ ‘magrittr’ ‘tidyverse’
     All declared Imports should be used.
Flavors: r-devel-linux-x86_64-fedora-clang, r-devel-linux-x86_64-fedora-gcc, r-devel-windows-x86_64-gcc10-UCRT, r-patched-solaris-x86, r-release-macos-x86_64, r-oldrel-macos-x86_64