CRAN Package Check Results for Package simExam

Last updated on 2022-05-27 21:51:33 CEST.

Flavor Version Tinstall Tcheck Ttotal Status Flags
r-devel-linux-x86_64-debian-clang 1.0.0 5.54 72.14 77.68 NOTE
r-devel-linux-x86_64-debian-gcc 1.0.0 6.74 56.56 63.30 NOTE
r-devel-linux-x86_64-fedora-clang 1.0.0 97.23 NOTE
r-devel-linux-x86_64-fedora-gcc 1.0.0 85.98 NOTE
r-devel-windows-x86_64 1.0.0 16.00 87.00 103.00 NOTE
r-patched-linux-x86_64 1.0.0 7.02 69.98 77.00 NOTE
r-release-linux-x86_64 1.0.0 5.76 71.24 77.00 NOTE
r-release-macos-arm64 1.0.0 27.00 NOTE
r-release-macos-x86_64 1.0.0 41.00 NOTE
r-release-windows-x86_64 1.0.0 20.00 88.00 108.00 NOTE
r-oldrel-macos-arm64 1.0.0 33.00 NOTE
r-oldrel-macos-x86_64 1.0.0 55.00 NOTE
r-oldrel-windows-ix86+x86_64 1.0.0 16.00 85.00 101.00 NOTE

Check Details

Version: 1.0.0
Check: LazyData
Result: NOTE
     'LazyData' is specified without a 'data' directory
Flavors: r-devel-linux-x86_64-debian-clang, r-devel-linux-x86_64-debian-gcc, r-devel-linux-x86_64-fedora-clang, r-devel-linux-x86_64-fedora-gcc, r-devel-windows-x86_64, r-patched-linux-x86_64, r-release-linux-x86_64, r-release-macos-arm64, r-release-macos-x86_64, r-release-windows-x86_64, r-oldrel-macos-arm64, r-oldrel-macos-x86_64, r-oldrel-windows-ix86+x86_64