CRAN Package Check Results for Package simer

Last updated on 2022-11-30 19:53:39 CET.

Flavor Version Tinstall Tcheck Ttotal Status Flags
r-devel-linux-x86_64-debian-clang 0.9.0.2 94.70 128.77 223.47 OK
r-devel-linux-x86_64-debian-gcc 0.9.0.2 75.35 93.77 169.12 OK
r-devel-linux-x86_64-fedora-clang 0.9.0.2 305.76 OK
r-devel-linux-x86_64-fedora-gcc 0.9.0.2 288.81 OK
r-devel-windows-x86_64 0.9.0.2 100.00 192.00 292.00 OK
r-patched-linux-x86_64 0.9.0.2 85.32 116.60 201.92 OK
r-release-linux-x86_64 0.9.0.2 77.65 115.60 193.25 OK
r-release-macos-arm64 0.9.0.2 67.00 NOTE
r-release-macos-x86_64 0.9.0.2 93.00 NOTE
r-release-windows-x86_64 0.9.0.2 121.00 187.00 308.00 OK
r-oldrel-macos-arm64 0.9.0.2 63.00 NOTE
r-oldrel-macos-x86_64 0.9.0.2 92.00 NOTE
r-oldrel-windows-ix86+x86_64 0.9.0.2 51.00 18.00 69.00 ERROR

Check Details

Version: 0.9.0.2
Check: installed package size
Result: NOTE
     installed size is 5.7Mb
     sub-directories of 1Mb or more:
     libs 4.8Mb
Flavors: r-release-macos-arm64, r-release-macos-x86_64, r-oldrel-macos-arm64, r-oldrel-macos-x86_64

Version: 0.9.0.2
Check: whether package can be installed
Result: ERROR
    Installation failed.
Flavor: r-oldrel-windows-ix86+x86_64