CRAN Package Check Results for Package simhelpers

Last updated on 2024-02-29 20:05:41 CET.

Flavor Version Tinstall Tcheck Ttotal Status Flags
r-devel-linux-x86_64-debian-clang 0.2.0 2.50 143.63 146.13 OK
r-devel-linux-x86_64-debian-gcc 0.2.0 2.70 109.37 112.07 OK
r-devel-linux-x86_64-fedora-clang 0.2.0 188.50 OK
r-devel-linux-x86_64-fedora-gcc 0.2.0 207.51 OK
r-devel-windows-x86_64 0.1.2 5.00 112.00 117.00 OK
r-patched-linux-x86_64 0.2.0 2.55 142.22 144.77 OK
r-release-linux-x86_64 0.2.0 2.23 142.25 144.48 OK
r-release-macos-arm64 0.2.0 66.00 ERROR
r-release-macos-x86_64 0.2.0 130.00 OK
r-release-windows-x86_64 0.2.0 6.00 148.00 154.00 OK
r-oldrel-macos-arm64 0.2.0 53.00 ERROR
r-oldrel-windows-x86_64 0.2.0 6.00 154.00 160.00 OK

Additional issues

M1mac noLD

Check Details

Version: 0.2.0
Check: tests
Result: ERROR Running ‘testthat.R’ [3s/4s] Running the tests in ‘tests/testthat.R’ failed. Last 13 lines of output: user system elapsed 0.006 0.001 0.007 [ FAIL 2 | WARN 0 | SKIP 0 | PASS 154 ] ══ Failed tests ════════════════════════════════════════════════════════════════ ── Failure ('test_bundle_sim.R:56:3'): bundle_sim() works for a simple DGP. ──── res6$M not identical to mean(dat5$y). Objects equal but not identical ── Failure ('test_bundle_sim.R:67:3'): bundle_sim() works for a simple DGP. ──── res8$M not identical to mean(ybar7). Objects equal but not identical [ FAIL 2 | WARN 0 | SKIP 0 | PASS 154 ] Error: Test failures Execution halted Flavor: r-release-macos-arm64

Version: 0.2.0
Check: tests
Result: ERROR Running ‘testthat.R’ [3s/3s] Running the tests in ‘tests/testthat.R’ failed. Last 13 lines of output: user system elapsed 0.005 0.000 0.004 [ FAIL 2 | WARN 0 | SKIP 0 | PASS 154 ] ══ Failed tests ════════════════════════════════════════════════════════════════ ── Failure ('test_bundle_sim.R:56:3'): bundle_sim() works for a simple DGP. ──── res6$M not identical to mean(dat5$y). Objects equal but not identical ── Failure ('test_bundle_sim.R:67:3'): bundle_sim() works for a simple DGP. ──── res8$M not identical to mean(ybar7). Objects equal but not identical [ FAIL 2 | WARN 0 | SKIP 0 | PASS 154 ] Error: Test failures Execution halted Flavor: r-oldrel-macos-arm64