CRAN Package Check Results for Package simode

Last updated on 2023-02-05 19:51:27 CET.

Flavor Version Tinstall Tcheck Ttotal Status Flags
r-devel-linux-x86_64-debian-clang 1.2.0 6.26 248.47 254.73 OK
r-devel-linux-x86_64-debian-gcc 1.2.0 5.02 171.82 176.84 OK
r-devel-linux-x86_64-fedora-clang 1.2.0 297.10 NOTE
r-devel-linux-x86_64-fedora-gcc 1.2.0 298.26 NOTE
r-devel-windows-x86_64 1.2.0 28.00 296.00 324.00 OK
r-patched-linux-x86_64 1.2.0 5.80 236.07 241.87 OK
r-release-linux-x86_64 1.2.0 5.17 230.26 235.43 OK
r-release-macos-arm64 1.2.0 59.00 NOTE
r-release-macos-x86_64 1.2.0 87.00 NOTE
r-release-windows-x86_64 1.2.0 36.00 295.00 331.00 OK
r-oldrel-macos-arm64 1.2.0 82.00 NOTE
r-oldrel-macos-x86_64 1.2.0 139.00 NOTE
r-oldrel-windows-ix86+x86_64 1.2.0 12.00 288.00 300.00 OK

Check Details

Version: 1.2.0
Check: dependencies in R code
Result: NOTE
    Namespace in Imports field not imported from: ‘quadprog’
     All declared Imports should be used.
Flavors: r-devel-linux-x86_64-fedora-clang, r-devel-linux-x86_64-fedora-gcc, r-release-macos-arm64, r-release-macos-x86_64, r-oldrel-macos-arm64, r-oldrel-macos-x86_64