CRAN Package Check Results for Package simsalapar

Last updated on 2024-02-21 19:53:28 CET.

Flavor Version Tinstall Tcheck Ttotal Status Flags
r-devel-linux-x86_64-debian-clang 1.0-12 OK
r-devel-linux-x86_64-debian-gcc 1.0-12 5.42 67.87 73.29 OK
r-devel-linux-x86_64-fedora-clang 1.0-12 117.53 OK
r-devel-linux-x86_64-fedora-gcc 1.0-12 125.14 OK
r-devel-windows-x86_64 1.0-12 6.00 103.00 109.00 OK
r-patched-linux-x86_64 1.0-12 6.79 91.44 98.23 OK
r-release-linux-x86_64 1.0-12 6.25 87.89 94.14 OK
r-release-macos-arm64 1.0-12 66.00 NOTE
r-release-macos-x86_64 1.0-12 127.00 NOTE
r-release-windows-x86_64 1.0-12 8.00 126.00 134.00 OK
r-oldrel-macos-arm64 1.0-12 64.00 NOTE
r-oldrel-windows-x86_64 1.0-12 10.00 130.00 140.00 OK

Check Details

Version: 1.0-12
Check: package dependencies
Result: NOTE Package suggested but not available for checking: ‘Rmpi’ Flavors: r-release-macos-arm64, r-release-macos-x86_64, r-oldrel-macos-arm64

Version: 1.0-12
Check: Rd cross-references
Result: NOTE Package unavailable to check Rd xrefs: ‘Rmpi’ Flavors: r-release-macos-arm64, r-release-macos-x86_64, r-oldrel-macos-arm64