CRAN Package Check Results for Package simtimer

Last updated on 2021-12-01 19:51:50 CET.

Flavor Version Tinstall Tcheck Ttotal Status Flags
r-devel-linux-x86_64-debian-clang 4.0.0 1.85 22.54 24.39 NOTE
r-devel-linux-x86_64-debian-gcc 4.0.0 1.56 18.26 19.82 NOTE
r-devel-linux-x86_64-fedora-clang 4.0.0 41.86 NOTE
r-devel-linux-x86_64-fedora-gcc 4.0.0 30.72 NOTE
r-devel-windows-x86_64-new-UL 4.0.0 7.00 59.00 66.00 NOTE
r-devel-windows-x86_64-new-TK 4.0.0 NOTE
r-devel-windows-x86_64-old 4.0.0 4.00 34.00 38.00 NOTE
r-patched-linux-x86_64 4.0.0 1.97 21.59 23.56 NOTE
r-patched-solaris-x86 4.0.0 49.30 NOTE
r-release-linux-x86_64 4.0.0 1.74 21.48 23.22 NOTE
r-release-macos-arm64 4.0.0 NOTE
r-release-macos-x86_64 4.0.0 NOTE
r-release-windows-ix86+x86_64 4.0.0 6.00 33.00 39.00 NOTE
r-oldrel-macos-x86_64 4.0.0 OK
r-oldrel-windows-ix86+x86_64 4.0.0 4.00 39.00 43.00 OK

Check Details

Version: 4.0.0
Check: LazyData
Result: NOTE
     'LazyData' is specified without a 'data' directory
Flavors: r-devel-linux-x86_64-debian-clang, r-devel-linux-x86_64-debian-gcc, r-devel-linux-x86_64-fedora-clang, r-devel-linux-x86_64-fedora-gcc, r-devel-windows-x86_64-new-UL, r-devel-windows-x86_64-new-TK, r-devel-windows-x86_64-old, r-patched-linux-x86_64, r-patched-solaris-x86, r-release-linux-x86_64, r-release-macos-arm64, r-release-macos-x86_64, r-release-windows-ix86+x86_64