CRAN Package Check Results for Package singleCellHaystack

Last updated on 2021-11-28 19:49:06 CET.

Flavor Version Tinstall Tcheck Ttotal Status Flags
r-devel-linux-x86_64-debian-clang 0.3.4 OK
r-devel-linux-x86_64-debian-gcc 0.3.4 7.23 168.76 175.99 OK
r-devel-linux-x86_64-fedora-clang 0.3.4 271.96 OK
r-devel-linux-x86_64-fedora-gcc 0.3.4 275.35 OK
r-devel-windows-x86_64-new-UL 0.3.4 24.00 264.00 288.00 OK
r-devel-windows-x86_64-new-TK 0.3.4 OK
r-devel-windows-x86_64-old 0.3.4 12.00 266.00 278.00 OK
r-patched-linux-x86_64 0.3.4 9.35 203.89 213.24 OK
r-patched-solaris-x86 0.3.4 421.70 OK
r-release-linux-x86_64 0.3.4 11.06 203.19 214.25 OK
r-release-macos-arm64 0.3.4 NOTE
r-release-macos-x86_64 0.3.4 OK
r-release-windows-ix86+x86_64 0.3.4 31.00 201.00 232.00 OK
r-oldrel-macos-x86_64 0.3.4 OK
r-oldrel-windows-ix86+x86_64 0.3.4 41.00 258.00 299.00 OK

Check Details

Version: 0.3.4
Check: package dependencies
Result: NOTE
    Packages suggested but not available for checking:
     'SummarizedExperiment', 'SingleCellExperiment'
Flavor: r-release-macos-arm64