CRAN Package Check Results for Package sirus

Last updated on 2021-05-17 21:49:52 CEST.

Flavor Version Tinstall Tcheck Ttotal Status Flags
r-devel-linux-x86_64-debian-clang 0.3.2 115.82 119.50 235.32 OK
r-devel-linux-x86_64-debian-gcc 0.3.2 77.88 89.92 167.80 OK
r-devel-linux-x86_64-fedora-clang 0.3.2 330.25 NOTE
r-devel-linux-x86_64-fedora-gcc 0.3.2 286.24 OK
r-devel-windows-ix86+x86_64 0.3.2 252.00 163.00 415.00 OK
r-devel-windows-x86_64-gcc10-UCRT 0.3.2 OK
r-patched-linux-x86_64 0.3.2 94.06 115.11 209.17 OK
r-patched-solaris-x86 0.3.2 349.10 OK
r-release-linux-x86_64 0.3.2 91.83 111.41 203.24 OK
r-release-macos-x86_64 0.3.2 NOTE
r-release-windows-ix86+x86_64 0.3.2 183.00 158.00 341.00 OK
r-oldrel-macos-x86_64 0.3.2 NOTE
r-oldrel-windows-ix86+x86_64 0.3.2 171.00 194.00 365.00 OK

Check Details

Version: 0.3.2
Check: installed package size
Result: NOTE
     installed size is 7.5Mb
     sub-directories of 1Mb or more:
     libs 7.2Mb
Flavors: r-devel-linux-x86_64-fedora-clang, r-release-macos-x86_64, r-oldrel-macos-x86_64

Version: 0.3.2
Check: Rd cross-references
Result: NOTE
    Undeclared package ‘ranger’ in Rd xrefs
Flavor: r-devel-linux-x86_64-fedora-clang