CRAN Package Check Results for Package sitreeE

Last updated on 2024-06-13 21:49:32 CEST.

Flavor Version Tinstall Tcheck Ttotal Status Flags
r-devel-linux-x86_64-debian-clang 0.0-8 5.06 57.57 62.63 OK
r-devel-linux-x86_64-debian-gcc 0.0-8 0.29 1.70 1.99 ERROR
r-devel-linux-x86_64-fedora-clang 0.0-8 86.21 OK
r-devel-linux-x86_64-fedora-gcc 0.0-8 76.68 OK
r-devel-windows-x86_64 0.0-8 7.00 63.00 70.00 OK
r-patched-linux-x86_64 0.0-8 5.76 57.94 63.70 OK
r-release-linux-x86_64 0.0-8 3.95 56.30 60.25 OK
r-release-macos-arm64 0.0-8 25.00 OK
r-release-macos-x86_64 0.0-8 49.00 OK
r-release-windows-x86_64 0.0-8 8.00 64.00 72.00 OK
r-oldrel-macos-arm64 0.0-8 28.00 OK
r-oldrel-macos-x86_64 0.0-8 41.00 OK
r-oldrel-windows-x86_64 0.0-8 8.00 70.00 78.00 OK

Check Details

Version: 0.0-8
Check: package dependencies
Result: ERROR Package required but not available: ‘sitree’ See section ‘The DESCRIPTION file’ in the ‘Writing R Extensions’ manual. Flavor: r-devel-linux-x86_64-debian-gcc