CRAN Package Check Results for Package sits

Last updated on 2022-12-06 19:55:57 CET.

Flavor Version Tinstall Tcheck Ttotal Status Flags
r-devel-linux-x86_64-debian-clang 1.2.0 175.36 174.68 350.04 OK
r-devel-linux-x86_64-debian-gcc 1.2.0 131.88 125.46 257.34 OK
r-devel-linux-x86_64-fedora-clang 1.2.0 507.52 OK
r-devel-linux-x86_64-fedora-gcc 1.2.0 433.87 OK
r-devel-windows-x86_64 1.2.0 335.00 222.00 557.00 OK
r-patched-linux-x86_64 1.2.0 134.13 151.39 285.52 OK
r-release-linux-x86_64 1.2.0 114.81 155.79 270.60 OK
r-release-macos-arm64 1.2.0 117.00 NOTE
r-release-macos-x86_64 1.2.0 127.00 NOTE
r-release-windows-x86_64 1.2.0 387.00 213.00 600.00 OK
r-oldrel-macos-arm64 1.2.0 96.00 NOTE
r-oldrel-macos-x86_64 1.2.0 129.00 NOTE
r-oldrel-windows-ix86+x86_64 1.2.0 399.00 244.00 643.00 NOTE

Check Details

Version: 1.2.0
Check: installed package size
Result: NOTE
     installed size is 8.1Mb
     sub-directories of 1Mb or more:
     extdata 1.5Mb
     libs 4.9Mb
Flavors: r-release-macos-arm64, r-release-macos-x86_64, r-oldrel-macos-arm64, r-oldrel-macos-x86_64, r-oldrel-windows-ix86+x86_64