Last updated on 2023-12-07 19:58:44 CET.
Flavor | Version | Tinstall | Tcheck | Ttotal | Status | Flags |
---|---|---|---|---|---|---|
r-devel-linux-x86_64-debian-clang | 1.4.2-1 | 218.20 | 405.35 | 623.55 | OK | |
r-devel-linux-x86_64-debian-gcc | 1.4.2-1 | 146.61 | 287.86 | 434.47 | OK | |
r-devel-linux-x86_64-fedora-clang | 1.4.2-1 | 796.66 | OK | |||
r-devel-linux-x86_64-fedora-gcc | 1.4.2-1 | 841.69 | OK | |||
r-devel-windows-x86_64 | 1.4.2-1 | 167.00 | 314.00 | 481.00 | OK | |
r-patched-linux-x86_64 | 1.4.2-1 | 141.03 | 390.67 | 531.70 | OK | |
r-release-linux-x86_64 | 1.4.2-1 | 126.05 | 373.60 | 499.65 | OK | |
r-release-macos-arm64 | 1.4.2-1 | 228.00 | NOTE | |||
r-release-macos-x86_64 | 1.4.2-1 | 365.00 | NOTE | |||
r-release-windows-x86_64 | 1.4.2-1 | 225.00 | 405.00 | 630.00 | OK | |
r-oldrel-macos-arm64 | 1.4.2-1 | 221.00 | NOTE | |||
r-oldrel-macos-x86_64 | 1.4.1 | 143.00 | NOTE | |||
r-oldrel-windows-x86_64 | 1.4.2-1 | 204.00 | 355.00 | 559.00 | OK |
Version: 1.4.2-1
Check: installed package size
Result: NOTE
installed size is 9.4Mb
sub-directories of 1Mb or more:
R 2.1Mb
extdata 1.6Mb
libs 5.0Mb
Flavors: r-release-macos-arm64, r-release-macos-x86_64, r-oldrel-macos-arm64
Version: 1.4.1
Check: installed package size
Result: NOTE
installed size is 7.3Mb
sub-directories of 1Mb or more:
libs 4.8Mb
Flavor: r-oldrel-macos-x86_64