CRAN Package Check Results for Package sjmisc

Last updated on 2022-01-28 19:51:11 CET.

Flavor Version Tinstall Tcheck Ttotal Status Flags
r-devel-linux-x86_64-debian-clang 2.8.9 8.58 115.87 124.45 OK
r-devel-linux-x86_64-debian-gcc 2.8.9 6.74 91.61 98.35 OK
r-devel-linux-x86_64-fedora-clang 2.8.9 142.31 OK
r-devel-linux-x86_64-fedora-gcc 2.8.9 136.33 OK
r-devel-windows-x86_64-new-UL 2.8.9 92.00 161.00 253.00 OK
r-devel-windows-x86_64-new-TK 2.8.9 NOTE
r-patched-linux-x86_64 2.8.9 13.00 102.15 115.15 OK
r-release-linux-x86_64 2.8.9 8.16 99.51 107.67 OK
r-release-macos-arm64 2.8.9 OK
r-release-macos-x86_64 2.8.9 OK
r-release-windows-ix86+x86_64 2.8.9 14.00 127.00 141.00 OK
r-oldrel-macos-x86_64 2.8.9 OK
r-oldrel-windows-ix86+x86_64 2.8.9 13.00 130.00 143.00 OK

Check Details

Version: 2.8.9
Check: package dependencies
Result: NOTE
    Packages suggested but not available for checking: 'sjPlot', 'sjstats'
Flavor: r-devel-windows-x86_64-new-TK