CRAN Package Check Results for Package skedastic

Last updated on 2021-11-27 19:49:50 CET.

Flavor Version Tinstall Tcheck Ttotal Status Flags
r-devel-linux-x86_64-debian-clang 1.0.3 OK
r-devel-linux-x86_64-debian-gcc 1.0.3 5.71 88.95 94.66 OK
r-devel-linux-x86_64-fedora-clang 1.0.3 165.37 NOTE
r-devel-linux-x86_64-fedora-gcc 1.0.3 152.39 NOTE
r-devel-windows-x86_64-new-UL 1.0.3 20.00 173.00 193.00 OK
r-devel-windows-x86_64-new-TK 1.0.3 NOTE
r-devel-windows-x86_64-old 1.0.3 11.00 163.00 174.00 OK
r-patched-linux-x86_64 1.0.3 9.64 117.51 127.15 OK
r-patched-solaris-x86 1.0.3 212.40 NOTE
r-release-linux-x86_64 1.0.3 OK
r-release-macos-arm64 1.0.3 NOTE
r-release-macos-x86_64 1.0.3 NOTE
r-release-windows-ix86+x86_64 1.0.3 15.00 116.00 131.00 OK
r-oldrel-macos-x86_64 1.0.3 NOTE
r-oldrel-windows-ix86+x86_64 1.0.3 27.00 157.00 184.00 OK

Check Details

Version: 1.0.3
Check: dependencies in R code
Result: NOTE
    Namespaces in Imports field not imported from:
     ‘CompQuadForm’ ‘Hmisc’ ‘boot’ ‘mvtnorm’
     All declared Imports should be used.
Flavors: r-devel-linux-x86_64-fedora-clang, r-devel-linux-x86_64-fedora-gcc, r-devel-windows-x86_64-new-TK, r-patched-solaris-x86, r-release-macos-arm64, r-release-macos-x86_64, r-oldrel-macos-x86_64