Last updated on 2025-01-23 20:48:41 CET.
Flavor | Version | Tinstall | Tcheck | Ttotal | Status | Flags |
---|---|---|---|---|---|---|
r-devel-linux-x86_64-debian-clang | 0.1.3 | 4.91 | 31.91 | 36.82 | OK | |
r-devel-linux-x86_64-debian-gcc | 0.1.3 | 3.68 | 23.52 | 27.20 | OK | |
r-devel-linux-x86_64-fedora-clang | 0.1.3 | 57.20 | NOTE | |||
r-devel-linux-x86_64-fedora-gcc | 0.1.3 | 53.69 | NOTE | |||
r-devel-windows-x86_64 | 0.1.3 | 7.00 | 51.00 | 58.00 | OK | |
r-patched-linux-x86_64 | 0.1.3 | 4.54 | 29.79 | 34.33 | OK | |
r-release-linux-x86_64 | 0.1.3 | 4.36 | 30.16 | 34.52 | OK | |
r-release-macos-arm64 | 0.1.3 | 22.00 | OK | |||
r-release-macos-x86_64 | 0.1.3 | 34.00 | OK | |||
r-release-windows-x86_64 | 0.1.3 | 7.00 | 51.00 | 58.00 | OK | |
r-oldrel-macos-arm64 | 0.1.3 | 25.00 | OK | |||
r-oldrel-macos-x86_64 | 0.1.3 | 32.00 | OK | |||
r-oldrel-windows-x86_64 | 0.1.3 | 8.00 | 57.00 | 65.00 | OK |
Version: 0.1.3
Check: dependencies in R code
Result: NOTE
Namespaces in Imports field not imported from:
‘dplyr’ ‘methods’
All declared Imports should be used.
Flavors: r-devel-linux-x86_64-fedora-clang, r-devel-linux-x86_64-fedora-gcc