Last updated on 2023-12-09 19:54:25 CET.
Flavor | Version | Tinstall | Tcheck | Ttotal | Status | Flags |
---|---|---|---|---|---|---|
r-devel-linux-x86_64-debian-clang | 0.1.5.4 | 84.61 | 451.22 | 535.83 | NOTE | |
r-devel-linux-x86_64-debian-gcc | 0.1.5.4 | 61.67 | 340.09 | 401.76 | NOTE | |
r-devel-linux-x86_64-fedora-clang | 0.1.5.4 | 696.93 | NOTE | |||
r-devel-linux-x86_64-fedora-gcc | 0.1.5.4 | 696.65 | NOTE | |||
r-devel-windows-x86_64 | 0.1.5.4 | 73.00 | 72.00 | 145.00 | NOTE | --no-vignettes |
r-patched-linux-x86_64 | 0.1.5.4 | 76.47 | 418.50 | 494.97 | NOTE | |
r-release-linux-x86_64 | 0.1.5.4 | 75.60 | 436.43 | 512.03 | NOTE | |
r-release-macos-arm64 | 0.1.5.4 | 369.00 | NOTE | |||
r-release-macos-x86_64 | 0.1.5.4 | 712.00 | NOTE | |||
r-release-windows-x86_64 | 0.1.5.4 | 90.00 | 83.00 | 173.00 | NOTE | --no-vignettes |
r-oldrel-macos-arm64 | 0.1.5.4 | 305.00 | NOTE | |||
r-oldrel-macos-x86_64 | 0.1.5.4 | 384.00 | NOTE | |||
r-oldrel-windows-x86_64 | 0.1.5.4 | 85.00 | 79.00 | 164.00 | NOTE | --no-vignettes |
Version: 0.1.5.4
Check: for GNU extensions in Makefiles
Result: NOTE
GNU make is a SystemRequirements.
Flavors: r-devel-linux-x86_64-debian-clang, r-devel-linux-x86_64-debian-gcc, r-devel-linux-x86_64-fedora-clang, r-devel-linux-x86_64-fedora-gcc, r-patched-linux-x86_64, r-release-linux-x86_64, r-release-macos-arm64, r-release-macos-x86_64, r-oldrel-macos-arm64, r-oldrel-macos-x86_64
Version: 0.1.5.4
Check: compiled code
Result: NOTE
File ‘skm/libs/skm.so’:
Found no calls to: ‘R_registerRoutines’, ‘R_useDynamicSymbols’
It is good practice to register native routines and to disable symbol
search.
See ‘Writing portable packages’ in the ‘Writing R Extensions’ manual.
Flavors: r-devel-linux-x86_64-fedora-clang, r-devel-linux-x86_64-fedora-gcc
Version: 0.1.5.4
Flags: --no-vignettes
Check: for GNU extensions in Makefiles
Result: NOTE
GNU make is a SystemRequirements.
Flavors: r-devel-windows-x86_64, r-release-windows-x86_64, r-oldrel-windows-x86_64
Version: 0.1.5.4
Check: installed package size
Result: NOTE
installed size is 7.4Mb
sub-directories of 1Mb or more:
doc 1.1Mb
libs 5.2Mb
Flavors: r-release-macos-arm64, r-release-macos-x86_64, r-oldrel-macos-arm64, r-oldrel-macos-x86_64