CRAN Package Check Results for Package slackr

Last updated on 2022-01-17 19:49:49 CET.

Flavor Version Tinstall Tcheck Ttotal Status Flags
r-devel-linux-x86_64-debian-clang 3.2.0 5.08 67.26 72.34 OK
r-devel-linux-x86_64-debian-gcc 3.2.0 4.57 50.36 54.93 OK
r-devel-linux-x86_64-fedora-clang 3.2.0 88.36 NOTE
r-devel-linux-x86_64-fedora-gcc 3.2.0 75.98 NOTE
r-devel-windows-x86_64-new-UL 3.2.0 43.00 92.00 135.00 OK
r-devel-windows-x86_64-new-TK 3.2.0 NOTE
r-patched-linux-x86_64 3.2.0 6.46 63.53 69.99 OK
r-release-linux-x86_64 3.2.0 OK
r-release-macos-arm64 3.2.0 NOTE
r-release-macos-x86_64 3.2.0 NOTE
r-release-windows-ix86+x86_64 3.2.0 14.00 82.00 96.00 OK
r-oldrel-macos-x86_64 3.2.0 NOTE
r-oldrel-windows-ix86+x86_64 3.2.0 16.00 83.00 99.00 OK

Check Details

Version: 3.2.0
Check: dependencies in R code
Result: NOTE
    Namespace in Imports field not imported from: ‘methods’
     All declared Imports should be used.
Flavors: r-devel-linux-x86_64-fedora-clang, r-devel-linux-x86_64-fedora-gcc, r-devel-windows-x86_64-new-TK, r-release-macos-arm64, r-release-macos-x86_64, r-oldrel-macos-x86_64