Last updated on 2023-06-06 22:08:00 CEST.
Flavor | Version | Tinstall | Tcheck | Ttotal | Status | Flags |
---|---|---|---|---|---|---|
r-devel-linux-x86_64-debian-clang | 1.0.0 | 73.69 | 58.24 | 131.93 | NOTE | |
r-devel-linux-x86_64-debian-gcc | 1.0.0 | 53.45 | 45.36 | 98.81 | NOTE | |
r-devel-linux-x86_64-fedora-clang | 1.0.0 | 194.39 | NOTE | |||
r-devel-linux-x86_64-fedora-gcc | 1.0.0 | 185.22 | NOTE | |||
r-devel-windows-x86_64 | 1.0.0 | 64.00 | 80.00 | 144.00 | OK | |
r-patched-linux-x86_64 | 1.0.0 | 61.18 | 58.28 | 119.46 | NOTE | |
r-release-linux-x86_64 | 1.0.0 | 55.04 | 58.90 | 113.94 | NOTE | |
r-release-macos-arm64 | 1.0.0 | 50.00 | NOTE | |||
r-release-macos-x86_64 | 1.0.0 | 78.00 | NOTE | |||
r-release-windows-x86_64 | 1.0.0 | 79.00 | 102.00 | 181.00 | OK | |
r-oldrel-macos-arm64 | 1.0.0 | 47.00 | NOTE | |||
r-oldrel-macos-x86_64 | 1.0.0 | 77.00 | NOTE | |||
r-oldrel-windows-x86_64 | 1.0.0 | 74.00 | 94.00 | 168.00 | OK |
Version: 1.0.0
Check: C++ specification
Result: NOTE
Specified C++11: please drop specification unless essential
Flavors: r-devel-linux-x86_64-debian-clang, r-devel-linux-x86_64-debian-gcc, r-devel-linux-x86_64-fedora-clang, r-devel-linux-x86_64-fedora-gcc, r-patched-linux-x86_64, r-release-linux-x86_64, r-release-macos-arm64, r-release-macos-x86_64
Version: 1.0.0
Check: dependencies in R code
Result: NOTE
Namespace in Imports field not imported from: ‘RcppArmadillo’
All declared Imports should be used.
Flavors: r-devel-linux-x86_64-fedora-clang, r-devel-linux-x86_64-fedora-gcc, r-oldrel-macos-arm64, r-oldrel-macos-x86_64