CRAN Package Check Results for Package sleepr

Last updated on 2021-11-29 19:51:45 CET.

Flavor Version Tinstall Tcheck Ttotal Status Flags
r-devel-linux-x86_64-debian-clang 0.3.0 2.97 52.64 55.61 NOTE
r-devel-linux-x86_64-debian-gcc 0.3.0 2.09 38.80 40.89 NOTE
r-devel-linux-x86_64-fedora-clang 0.3.0 70.23 NOTE
r-devel-linux-x86_64-fedora-gcc 0.3.0 53.39 NOTE
r-devel-windows-x86_64-new-UL 0.3.0 7.00 82.00 89.00 NOTE
r-devel-windows-x86_64-new-TK 0.3.0 NOTE
r-devel-windows-x86_64-old 0.3.0 5.00 46.00 51.00 NOTE
r-patched-linux-x86_64 0.3.0 4.46 44.29 48.75 NOTE
r-patched-solaris-x86 0.3.0 82.60 NOTE
r-release-linux-x86_64 0.3.0 2.92 44.21 47.13 NOTE
r-release-macos-arm64 0.3.0 NOTE
r-release-macos-x86_64 0.3.0 NOTE
r-release-windows-ix86+x86_64 0.3.0 8.00 43.00 51.00 NOTE
r-oldrel-macos-x86_64 0.3.0 OK
r-oldrel-windows-ix86+x86_64 0.3.0 6.00 45.00 51.00 OK

Check Details

Version: 0.3.0
Check: LazyData
Result: NOTE
     'LazyData' is specified without a 'data' directory
Flavors: r-devel-linux-x86_64-debian-clang, r-devel-linux-x86_64-debian-gcc, r-devel-linux-x86_64-fedora-clang, r-devel-linux-x86_64-fedora-gcc, r-devel-windows-x86_64-new-UL, r-devel-windows-x86_64-new-TK, r-devel-windows-x86_64-old, r-patched-linux-x86_64, r-patched-solaris-x86, r-release-linux-x86_64, r-release-macos-arm64, r-release-macos-x86_64, r-release-windows-ix86+x86_64