CRAN Package Check Results for Package smam

Last updated on 2024-03-02 19:50:30 CET.

Flavor Version Tinstall Tcheck Ttotal Status Flags
r-devel-linux-x86_64-debian-clang 0.7.2 99.81 59.16 158.97 NOTE
r-devel-linux-x86_64-debian-gcc 0.7.2 74.97 44.12 119.09 NOTE
r-devel-linux-x86_64-fedora-clang 0.7.2 215.40 NOTE
r-devel-linux-x86_64-fedora-gcc 0.7.2 236.03 NOTE
r-devel-windows-x86_64 0.7.2 77.00 98.00 175.00 NOTE
r-patched-linux-x86_64 0.7.2 70.85 57.29 128.14 NOTE
r-release-linux-x86_64 0.7.2 71.15 56.38 127.53 NOTE
r-release-macos-arm64 0.7.2 60.00 NOTE
r-release-macos-x86_64 0.7.2 95.00 NOTE
r-release-windows-x86_64 0.7.2 102.00 109.00 211.00 NOTE
r-oldrel-macos-arm64 0.7.2 53.00 NOTE
r-oldrel-windows-x86_64 0.7.2 92.00 103.00 195.00 NOTE

Check Details

Version: 0.7.2
Check: for GNU extensions in Makefiles
Result: NOTE GNU make is a SystemRequirements. Flavors: r-devel-linux-x86_64-debian-clang, r-devel-linux-x86_64-debian-gcc, r-devel-linux-x86_64-fedora-clang, r-devel-linux-x86_64-fedora-gcc, r-devel-windows-x86_64, r-patched-linux-x86_64, r-release-linux-x86_64, r-release-macos-arm64, r-release-macos-x86_64, r-release-windows-x86_64, r-oldrel-macos-arm64, r-oldrel-windows-x86_64

Version: 0.7.2
Check: installed package size
Result: NOTE installed size is 5.8Mb sub-directories of 1Mb or more: libs 5.0Mb Flavors: r-release-macos-arm64, r-release-macos-x86_64, r-oldrel-macos-arm64