CRAN Package Check Results for Package smnet

Last updated on 2021-03-03 19:48:18 CET.

Flavor Version Tinstall Tcheck Ttotal Status Flags
r-devel-linux-x86_64-debian-clang 2.1.2 16.35 140.09 156.44 OK
r-devel-linux-x86_64-debian-gcc 2.1.2 12.54 109.86 122.40 OK
r-devel-linux-x86_64-fedora-clang 2.1.2 211.32 OK
r-devel-linux-x86_64-fedora-gcc 2.1.2 190.67 OK
r-devel-windows-ix86+x86_64 2.1.2 43.00 169.00 212.00 OK
r-patched-linux-x86_64 2.1.2 14.47 130.27 144.74 OK
r-patched-solaris-x86 2.1.2 301.40 OK
r-release-linux-x86_64 2.1.2 15.50 131.61 147.11 OK
r-release-macos-x86_64 2.1.2 OK
r-release-windows-ix86+x86_64 2.1.2 35.00 165.00 200.00 OK
r-oldrel-macos-x86_64 2.1.2 NOTE
r-oldrel-windows-ix86+x86_64 2.1.2 39.00 180.00 219.00 NOTE

Check Details

Version: 2.1.2
Check: R code for possible problems
Result: NOTE
    colour.key: no visible global function definition for ‘plot’
    Undefined global functions or variables:
     plot
    Consider adding
     importFrom("graphics", "plot")
    to your NAMESPACE file.
Flavors: r-oldrel-macos-x86_64, r-oldrel-windows-ix86+x86_64