CRAN Package Check Results for Package smoof

Last updated on 2021-11-26 20:49:48 CET.

Flavor Version Tinstall Tcheck Ttotal Status Flags
r-devel-linux-x86_64-debian-clang 1.6.0.2 81.38 109.33 190.71 NOTE
r-devel-linux-x86_64-debian-gcc 1.6.0.2 56.96 83.34 140.30 NOTE
r-devel-linux-x86_64-fedora-clang 1.6.0.2 280.95 NOTE
r-devel-linux-x86_64-fedora-gcc 1.6.0.2 246.84 NOTE
r-devel-windows-x86_64-new-UL 1.6.0.2 133.00 202.00 335.00 NOTE
r-devel-windows-x86_64-new-TK 1.6.0.2 NOTE
r-devel-windows-x86_64-old 1.6.0.2 95.00 143.00 238.00 NOTE
r-patched-linux-x86_64 1.6.0.2 50.56 106.14 156.70 NOTE
r-patched-solaris-x86 1.6.0.2 275.10 NOTE
r-release-linux-x86_64 1.6.0.2 NOTE
r-release-macos-arm64 1.6.0.2 NOTE
r-release-macos-x86_64 1.6.0.2 NOTE
r-release-windows-ix86+x86_64 1.6.0.2 209.00 140.00 349.00 NOTE
r-oldrel-macos-x86_64 1.6.0.2 NOTE
r-oldrel-windows-ix86+x86_64 1.6.0.2 210.00 199.00 409.00 NOTE

Check Details

Version: 1.6.0.2
Check: package dependencies
Result: NOTE
    Package suggested but not available for checking: 'rPython'
Flavors: r-devel-linux-x86_64-debian-clang, r-devel-linux-x86_64-debian-gcc, r-devel-linux-x86_64-fedora-clang, r-devel-linux-x86_64-fedora-gcc, r-devel-windows-x86_64-new-UL, r-devel-windows-x86_64-new-TK, r-devel-windows-x86_64-old, r-patched-linux-x86_64, r-patched-solaris-x86, r-release-linux-x86_64, r-release-macos-arm64, r-release-macos-x86_64, r-release-windows-ix86+x86_64, r-oldrel-macos-x86_64, r-oldrel-windows-ix86+x86_64

Version: 1.6.0.2
Check: LazyData
Result: NOTE
     'LazyData' is specified without a 'data' directory
Flavors: r-devel-linux-x86_64-debian-clang, r-devel-linux-x86_64-debian-gcc, r-devel-linux-x86_64-fedora-clang, r-devel-linux-x86_64-fedora-gcc, r-devel-windows-x86_64-new-UL, r-devel-windows-x86_64-new-TK, r-devel-windows-x86_64-old, r-patched-linux-x86_64, r-patched-solaris-x86, r-release-linux-x86_64, r-release-macos-arm64, r-release-macos-x86_64, r-release-windows-ix86+x86_64