Last updated on 2023-09-21 21:52:37 CEST.
Flavor | Version | Tinstall | Tcheck | Ttotal | Status | Flags |
---|---|---|---|---|---|---|
r-devel-linux-x86_64-debian-clang | 4.0.0 | 228.55 | 570.63 | 799.18 | OK | |
r-devel-linux-x86_64-debian-gcc | 4.0.0 | 173.78 | 405.01 | 578.79 | OK | |
r-devel-linux-x86_64-fedora-clang | 4.0.0 | 670.00 | NOTE | |||
r-devel-linux-x86_64-fedora-gcc | 4.0.0 | 703.47 | OK | |||
r-devel-windows-x86_64 | 4.0.0 | 159.00 | 225.00 | 384.00 | NOTE | --no-vignettes |
r-patched-linux-x86_64 | 4.0.0 | 208.89 | 539.36 | 748.25 | OK | |
r-release-linux-x86_64 | 4.0.0 | 196.44 | 546.57 | 743.01 | OK | |
r-release-macos-arm64 | 4.0.0 | 263.00 | NOTE | |||
r-release-macos-x86_64 | 4.0.0 | 579.00 | NOTE | |||
r-release-windows-x86_64 | 4.0.0 | 139.00 | 158.00 | 297.00 | NOTE | --no-vignettes |
r-oldrel-macos-arm64 | 4.0.0 | 242.00 | NOTE | |||
r-oldrel-macos-x86_64 | 4.0.0 | 308.00 | NOTE | |||
r-oldrel-windows-x86_64 | 4.0.0 | 212.00 | 255.00 | 467.00 | NOTE | --no-vignettes |
Version: 4.0.0
Check: installed package size
Result: NOTE
installed size is 5.9Mb
sub-directories of 1Mb or more:
R 1.2Mb
doc 3.3Mb
Flavors: r-devel-linux-x86_64-fedora-clang, r-release-macos-arm64, r-release-macos-x86_64, r-oldrel-macos-arm64, r-oldrel-macos-x86_64
Version: 4.0.0
Flags: --no-vignettes
Check: package dependencies
Result: NOTE
Package suggested but not available for checking: 'doMC'
Flavors: r-devel-windows-x86_64, r-release-windows-x86_64, r-oldrel-windows-x86_64
Version: 4.0.0
Flags: --no-vignettes
Check: installed package size
Result: NOTE
installed size is 6.6Mb
sub-directories of 1Mb or more:
R 1.3Mb
doc 3.3Mb
libs 1.7Mb
Flavors: r-devel-windows-x86_64, r-release-windows-x86_64, r-oldrel-windows-x86_64