CRAN Package Check Results for Package smooth

Last updated on 2021-01-15 19:48:46 CET.

Flavor Version Tinstall Tcheck Ttotal Status Flags
r-devel-linux-x86_64-debian-clang 3.0.1 276.72 1044.97 1321.69 OK
r-devel-linux-x86_64-debian-gcc 3.0.1 185.73 794.75 980.48 OK
r-devel-linux-x86_64-fedora-clang 3.0.1 1661.71 NOTE
r-devel-linux-x86_64-fedora-gcc 3.0.1 1691.34 OK
r-devel-windows-ix86+x86_64 3.0.0 513.00 402.00 915.00 NOTE --no-vignettes
r-patched-linux-x86_64 3.0.1 220.29 999.46 1219.75 OK
r-patched-solaris-x86 3.0.1 2013.80 NOTE
r-release-linux-x86_64 3.0.1 223.60 982.04 1205.64 OK
r-release-macos-x86_64 3.0.1 NOTE
r-release-windows-ix86+x86_64 3.0.0 439.00 994.00 1433.00 NOTE --no-vignettes
r-oldrel-macos-x86_64 3.0.1 NOTE
r-oldrel-windows-ix86+x86_64 3.0.0 357.00 767.00 1124.00 NOTE --no-vignettes

Check Details

Version: 3.0.1
Check: installed package size
Result: NOTE
     installed size is 20.1Mb
     sub-directories of 1Mb or more:
     R 1.3Mb
     doc 3.9Mb
     libs 14.4Mb
Flavors: r-devel-linux-x86_64-fedora-clang, r-patched-solaris-x86, r-release-macos-x86_64, r-oldrel-macos-x86_64

Version: 3.0.0
Flags: --no-vignettes
Check: package dependencies
Result: NOTE
    Package suggested but not available for checking: 'doMC'
Flavors: r-devel-windows-ix86+x86_64, r-release-windows-ix86+x86_64, r-oldrel-windows-ix86+x86_64

Version: 3.0.0
Flags: --no-vignettes
Check: installed package size
Result: NOTE
     installed size is 9.0Mb
     sub-directories of 1Mb or more:
     R 1.3Mb
     doc 3.9Mb
     libs 3.4Mb
Flavors: r-devel-windows-ix86+x86_64, r-release-windows-ix86+x86_64, r-oldrel-windows-ix86+x86_64