CRAN Package Check Results for Package smooth

Last updated on 2021-12-01 19:51:50 CET.

Flavor Version Tinstall Tcheck Ttotal Status Flags
r-devel-linux-x86_64-debian-clang 3.1.3 205.26 504.44 709.70 OK
r-devel-linux-x86_64-debian-gcc 3.1.3 163.99 379.80 543.79 OK
r-devel-linux-x86_64-fedora-clang 3.1.4 974.59 NOTE
r-devel-linux-x86_64-fedora-gcc 3.1.4 938.45 OK
r-devel-windows-x86_64-new-UL 3.1.4 138.00 151.00 289.00 NOTE --no-vignettes
r-devel-windows-x86_64-new-TK 3.1.3 NOTE
r-devel-windows-x86_64-old 3.1.3 260.00 198.00 458.00 NOTE --no-vignettes
r-patched-linux-x86_64 3.1.3 189.06 515.89 704.95 OK
r-patched-solaris-x86 3.1.4 577.60 NOTE
r-release-linux-x86_64 3.1.3 179.94 495.72 675.66 OK
r-release-macos-arm64 3.1.3 NOTE
r-release-macos-x86_64 3.1.3 NOTE
r-release-windows-ix86+x86_64 3.1.3 457.00 285.00 742.00 NOTE --no-vignettes
r-oldrel-macos-x86_64 3.1.3 NOTE
r-oldrel-windows-ix86+x86_64 3.1.3 350.00 361.00 711.00 NOTE --no-vignettes

Check Details

Version: 3.1.4
Check: installed package size
Result: NOTE
     installed size is 16.3Mb
     sub-directories of 1Mb or more:
     R 1.2Mb
     doc 3.8Mb
     libs 10.9Mb
Flavors: r-devel-linux-x86_64-fedora-clang, r-patched-solaris-x86

Version: 3.1.4
Flags: --no-vignettes
Check: package dependencies
Result: NOTE
    Package suggested but not available for checking: 'doMC'
Flavor: r-devel-windows-x86_64-new-UL

Version: 3.1.4
Flags: --no-vignettes
Check: installed package size
Result: NOTE
     installed size is 7.0Mb
     sub-directories of 1Mb or more:
     R 1.2Mb
     doc 3.8Mb
     libs 1.7Mb
Flavor: r-devel-windows-x86_64-new-UL

Version: 3.1.3
Check: package dependencies
Result: NOTE
    Package suggested but not available for checking: 'doMC'
Flavor: r-devel-windows-x86_64-new-TK

Version: 3.1.3
Flags: --no-vignettes
Check: package dependencies
Result: NOTE
    Package suggested but not available for checking: 'doMC'
Flavors: r-devel-windows-x86_64-old, r-release-windows-ix86+x86_64, r-oldrel-windows-ix86+x86_64

Version: 3.1.3
Flags: --no-vignettes
Check: installed package size
Result: NOTE
     installed size is 6.9Mb
     sub-directories of 1Mb or more:
     R 1.2Mb
     doc 3.7Mb
     libs 1.5Mb
Flavors: r-devel-windows-x86_64-old, r-release-windows-ix86+x86_64, r-oldrel-windows-ix86+x86_64

Version: 3.1.3
Check: installed package size
Result: NOTE
     installed size is 18.8Mb
     sub-directories of 1Mb or more:
     R 2.0Mb
     doc 3.7Mb
     libs 12.7Mb
Flavors: r-release-macos-arm64, r-release-macos-x86_64, r-oldrel-macos-x86_64