CRAN Package Check Results for Package smpic

Last updated on 2024-05-18 22:27:53 CEST.

Flavor Version Tinstall Tcheck Ttotal Status Flags
r-devel-linux-x86_64-debian-clang 0.1.0 1.87 43.93 45.80 NOTE
r-devel-linux-x86_64-debian-gcc 0.1.0 1.71 32.68 34.39 NOTE
r-devel-linux-x86_64-fedora-clang 0.1.0 61.01 NOTE
r-devel-linux-x86_64-fedora-gcc 0.1.0 68.64 NOTE
r-devel-windows-x86_64 0.1.0 4.00 55.00 59.00 OK
r-patched-linux-x86_64 0.1.0 1.99 41.34 43.33 NOTE
r-release-linux-x86_64 0.1.0 1.58 42.23 43.81 NOTE
r-release-macos-arm64 0.1.0 28.00 OK
r-release-windows-x86_64 0.1.0 4.00 57.00 61.00 OK
r-oldrel-macos-arm64 0.1.0 28.00 OK
r-oldrel-macos-x86_64 0.1.0 39.00 OK
r-oldrel-windows-x86_64 0.1.0 5.00 58.00 63.00 OK

Check Details

Version: 0.1.0
Check: for non-standard things in the check directory
Result: NOTE Found the following files/directories: ‘my_new_social_media_plot.png’ Flavors: r-devel-linux-x86_64-debian-clang, r-devel-linux-x86_64-debian-gcc, r-devel-linux-x86_64-fedora-clang, r-devel-linux-x86_64-fedora-gcc, r-patched-linux-x86_64, r-release-linux-x86_64