CRAN Package Check Results for Package snotelr

Last updated on 2021-11-29 19:51:45 CET.

Flavor Version Tinstall Tcheck Ttotal Status Flags
r-devel-linux-x86_64-debian-clang 1.0.4 3.33 43.86 47.19 NOTE
r-devel-linux-x86_64-debian-gcc 1.0.4 3.69 34.31 38.00 NOTE
r-devel-linux-x86_64-fedora-clang 1.0.4 68.63 NOTE
r-devel-linux-x86_64-fedora-gcc 1.0.4 58.45 NOTE
r-devel-windows-x86_64-new-UL 1.0.4 11.00 87.00 98.00 NOTE
r-devel-windows-x86_64-new-TK 1.0.4 NOTE
r-devel-windows-x86_64-old 1.0.4 8.00 52.00 60.00 NOTE
r-patched-linux-x86_64 1.0.4 4.35 42.37 46.72 NOTE
r-patched-solaris-x86 1.0.4 89.90 NOTE
r-release-linux-x86_64 1.0.4 4.62 42.19 46.81 NOTE
r-release-macos-arm64 1.0.4 NOTE
r-release-macos-x86_64 1.0.4 NOTE
r-release-windows-ix86+x86_64 1.0.4 11.00 48.00 59.00 NOTE
r-oldrel-macos-x86_64 1.0.4 OK
r-oldrel-windows-ix86+x86_64 1.0.4 10.00 52.00 62.00 OK

Check Details

Version: 1.0.4
Check: LazyData
Result: NOTE
     'LazyData' is specified without a 'data' directory
Flavors: r-devel-linux-x86_64-debian-clang, r-devel-linux-x86_64-debian-gcc, r-devel-linux-x86_64-fedora-clang, r-devel-linux-x86_64-fedora-gcc, r-devel-windows-x86_64-new-UL, r-devel-windows-x86_64-new-TK, r-devel-windows-x86_64-old, r-patched-linux-x86_64, r-patched-solaris-x86, r-release-linux-x86_64, r-release-macos-arm64, r-release-macos-x86_64, r-release-windows-ix86+x86_64