CRAN Package Check Results for Package snow

Last updated on 2022-12-03 19:53:02 CET.

Flavor Version Tinstall Tcheck Ttotal Status Flags
r-devel-linux-x86_64-debian-clang 0.4-4 2.95 27.05 30.00 OK
r-devel-linux-x86_64-debian-gcc 0.4-4 2.43 21.12 23.55 OK
r-devel-linux-x86_64-fedora-clang 0.4-4 48.82 OK
r-devel-linux-x86_64-fedora-gcc 0.4-4 46.92 OK
r-devel-windows-x86_64 0.4-4 18.00 53.00 71.00 OK
r-patched-linux-x86_64 0.4-4 2.79 25.39 28.18 OK
r-release-linux-x86_64 0.4-4 2.29 25.46 27.75 OK
r-release-macos-arm64 0.4-4 17.00 NOTE
r-release-macos-x86_64 0.4-4 23.00 NOTE
r-release-windows-x86_64 0.4-4 6.00 48.00 54.00 OK
r-oldrel-macos-arm64 0.4-4 24.00 NOTE
r-oldrel-macos-x86_64 0.4-4 23.00 NOTE
r-oldrel-windows-ix86+x86_64 0.4-4 4.00 31.00 35.00 OK

Check Details

Version: 0.4-4
Check: package dependencies
Result: NOTE
    Package which this enhances but not available for checking: ‘Rmpi’
Flavors: r-release-macos-arm64, r-release-macos-x86_64, r-oldrel-macos-arm64, r-oldrel-macos-x86_64