CRAN Package Check Results for Package snow

Last updated on 2022-01-25 19:50:46 CET.

Flavor Version Tinstall Tcheck Ttotal Status Flags
r-devel-linux-x86_64-debian-clang 0.4-4 2.68 34.09 36.77 OK
r-devel-linux-x86_64-debian-gcc 0.4-4 1.96 26.05 28.01 OK
r-devel-linux-x86_64-fedora-clang 0.4-4 45.16 OK
r-devel-linux-x86_64-fedora-gcc 0.4-4 34.51 OK
r-devel-windows-x86_64-new-UL 0.4-4 20.00 51.00 71.00 OK
r-devel-windows-x86_64-new-TK 0.4-4 OK
r-patched-linux-x86_64 0.4-4 2.75 32.09 34.84 OK
r-release-linux-x86_64 0.4-4 2.30 31.63 33.93 OK
r-release-macos-arm64 0.4-4 NOTE
r-release-macos-x86_64 0.4-4 NOTE
r-release-windows-ix86+x86_64 0.4-4 4.00 31.00 35.00 OK
r-oldrel-macos-x86_64 0.4-4 NOTE
r-oldrel-windows-ix86+x86_64 0.4-4 4.00 34.00 38.00 OK

Check Details

Version: 0.4-4
Check: package dependencies
Result: NOTE
    Package which this enhances but not available for checking: ‘Rmpi’
Flavors: r-release-macos-arm64, r-release-macos-x86_64, r-oldrel-macos-x86_64