CRAN Package Check Results for Package snowFT

Last updated on 2021-05-17 21:49:52 CEST.

Flavor Version Tinstall Tcheck Ttotal Status Flags
r-devel-linux-x86_64-debian-clang 1.6-0 3.01 19.02 22.03 OK
r-devel-linux-x86_64-debian-gcc 1.6-0 2.09 21.41 23.50 OK
r-devel-linux-x86_64-fedora-clang 1.6-0 53.36 OK
r-devel-linux-x86_64-fedora-gcc 1.6-0 41.33 OK
r-devel-windows-ix86+x86_64 1.6-0 6.00 46.00 52.00 OK
r-devel-windows-x86_64-gcc10-UCRT 1.6-0 OK
r-patched-linux-x86_64 1.6-0 2.97 18.36 21.33 OK
r-patched-solaris-x86 1.6-0 86.20 OK
r-release-linux-x86_64 1.6-0 2.16 17.61 19.77 OK
r-release-macos-x86_64 1.6-0 NOTE
r-release-windows-ix86+x86_64 1.6-0 7.00 44.00 51.00 OK
r-oldrel-macos-x86_64 1.6-0 NOTE
r-oldrel-windows-ix86+x86_64 1.6-0 17.00 63.00 80.00 OK

Check Details

Version: 1.6-0
Check: package dependencies
Result: NOTE
    Package suggested but not available for checking: ‘Rmpi’
Flavors: r-release-macos-x86_64, r-oldrel-macos-x86_64