CRAN Package Check Results for Package soilphysics

Last updated on 2023-09-26 23:04:26 CEST.

Flavor Version Tinstall Tcheck Ttotal Status Flags
r-devel-linux-x86_64-debian-clang 5.0 28.97 144.67 173.64 NOTE
r-devel-linux-x86_64-debian-gcc 5.0 19.70 106.51 126.21 NOTE
r-devel-linux-x86_64-fedora-clang 5.0 216.37 NOTE
r-devel-linux-x86_64-fedora-gcc 5.0 223.66 NOTE
r-devel-windows-x86_64 5.0 23.00 130.00 153.00 NOTE
r-patched-linux-x86_64 5.0 19.91 138.44 158.35 NOTE
r-release-linux-x86_64 5.0 18.69 140.79 159.48 NOTE
r-release-macos-arm64 5.0 82.00 NOTE
r-release-macos-x86_64 5.0 158.00 NOTE
r-release-windows-x86_64 5.0 30.00 145.00 175.00 NOTE
r-oldrel-macos-arm64 5.0 122.00 OK
r-oldrel-macos-x86_64 5.0 171.00 OK
r-oldrel-windows-x86_64 5.0 29.00 149.00 178.00 NOTE

Check Details

Version: 5.0
Check: Rd files
Result: NOTE
    checkRd: (-1) llwrPTF.Rd:7: Escaped LaTeX specials: \&
Flavors: r-devel-linux-x86_64-debian-clang, r-devel-linux-x86_64-debian-gcc, r-devel-linux-x86_64-fedora-clang, r-devel-linux-x86_64-fedora-gcc, r-devel-windows-x86_64, r-patched-linux-x86_64, r-release-linux-x86_64, r-release-macos-arm64, r-release-macos-x86_64, r-release-windows-x86_64

Version: 5.0
Check: installed package size
Result: NOTE
     installed size is 5.2Mb
     sub-directories of 1Mb or more:
     R 3.3Mb
     doc 1.1Mb
Flavors: r-devel-linux-x86_64-fedora-clang, r-devel-windows-x86_64, r-release-macos-arm64, r-release-macos-x86_64, r-release-windows-x86_64, r-oldrel-windows-x86_64