CRAN Package Check Results for Package soilphysics

Last updated on 2022-09-27 23:08:53 CEST.

Flavor Version Tinstall Tcheck Ttotal Status Flags
r-devel-linux-x86_64-debian-clang 5.0 30.69 166.08 196.77 NOTE
r-devel-linux-x86_64-debian-gcc 5.0 23.97 121.18 145.15 NOTE
r-devel-linux-x86_64-fedora-clang 5.0 250.62 NOTE
r-devel-linux-x86_64-fedora-gcc 5.0 238.85 NOTE
r-devel-windows-x86_64 5.0 165.00 186.00 351.00 NOTE
r-patched-linux-x86_64 5.0 38.92 175.25 214.17 OK
r-release-linux-x86_64 5.0 30.37 177.16 207.53 OK
r-release-macos-arm64 5.0 122.00 OK
r-release-macos-x86_64 5.0 171.00 OK
r-release-windows-x86_64 5.0 201.00 222.00 423.00 NOTE
r-oldrel-macos-arm64 5.0 112.00 OK
r-oldrel-macos-x86_64 5.0 132.00 OK
r-oldrel-windows-ix86+x86_64 5.0 55.00 168.00 223.00 NOTE

Check Details

Version: 5.0
Check: Rd files
Result: NOTE
    checkRd: (-1) llwrPTF.Rd:7: Escaped LaTeX specials: \&
Flavors: r-devel-linux-x86_64-debian-clang, r-devel-linux-x86_64-debian-gcc, r-devel-linux-x86_64-fedora-clang, r-devel-linux-x86_64-fedora-gcc, r-devel-windows-x86_64

Version: 5.0
Check: installed package size
Result: NOTE
     installed size is 5.1Mb
     sub-directories of 1Mb or more:
     R 3.2Mb
     doc 1.1Mb
Flavors: r-devel-linux-x86_64-fedora-clang, r-devel-windows-x86_64, r-release-windows-x86_64, r-oldrel-windows-ix86+x86_64