CRAN Package Check Results for Package solrium

Last updated on 2021-12-03 19:50:27 CET.

Flavor Version Tinstall Tcheck Ttotal Status Flags
r-devel-linux-x86_64-debian-clang 1.2.0 9.80 68.59 78.39 OK
r-devel-linux-x86_64-debian-gcc 1.2.0 7.27 52.12 59.39 OK
r-devel-linux-x86_64-fedora-clang 1.2.0 101.55 NOTE
r-devel-linux-x86_64-fedora-gcc 1.2.0 92.61 OK
r-devel-windows-x86_64-new-UL 1.2.0 28.00 156.00 184.00 OK
r-devel-windows-x86_64-new-TK 1.2.0 OK
r-devel-windows-x86_64-old 1.2.0 14.00 89.00 103.00 OK
r-patched-linux-x86_64 1.2.0 9.66 64.82 74.48 OK
r-release-linux-x86_64 1.2.0 8.41 64.67 73.08 OK
r-release-macos-arm64 1.2.0 OK
r-release-macos-x86_64 1.2.0 OK
r-release-windows-ix86+x86_64 1.2.0 18.00 111.00 129.00 OK
r-oldrel-macos-x86_64 1.2.0 OK
r-oldrel-windows-ix86+x86_64 1.2.0 19.00 114.00 133.00 OK

Check Details

Version: 1.2.0
Check: Rd cross-references
Result: NOTE
    Undeclared package ‘XML’ in Rd xrefs
Flavor: r-devel-linux-x86_64-fedora-clang