CRAN Package Check Results for Package solvebio

Last updated on 2023-05-29 22:04:32 CEST.

Flavor Version Tinstall Tcheck Ttotal Status Flags
r-devel-linux-x86_64-debian-clang 2.14.0 4.44 39.51 43.95 NOTE
r-devel-linux-x86_64-debian-gcc 2.14.0 3.65 30.92 34.57 NOTE
r-devel-linux-x86_64-fedora-clang 2.14.0 55.60 NOTE
r-devel-linux-x86_64-fedora-gcc 2.14.0 52.79 NOTE
r-devel-windows-x86_64 2.14.0 6.00 71.00 77.00 NOTE
r-patched-linux-x86_64 2.14.0 5.92 38.99 44.91 NOTE
r-release-linux-x86_64 2.14.0 4.56 38.60 43.16 NOTE
r-release-macos-arm64 2.14.0 22.00 NOTE
r-release-macos-x86_64 2.14.0 30.00 NOTE
r-release-windows-x86_64 2.14.0 6.00 77.00 83.00 NOTE
r-oldrel-macos-arm64 2.14.0 21.00 OK
r-oldrel-macos-x86_64 2.14.0 28.00 OK
r-oldrel-windows-x86_64 2.14.0 6.00 61.00 67.00 OK

Check Details

Version: 2.14.0
Check: dependencies in R code
Result: NOTE
    There are ::: calls to the package's namespace in its code. A package
     almost never needs to use ::: for its own objects:
     ‘.solveEnv’
Flavors: r-devel-linux-x86_64-debian-clang, r-devel-linux-x86_64-debian-gcc, r-devel-linux-x86_64-fedora-clang, r-devel-linux-x86_64-fedora-gcc, r-devel-windows-x86_64, r-patched-linux-x86_64, r-release-linux-x86_64, r-release-macos-arm64, r-release-macos-x86_64, r-release-windows-x86_64