Last updated on 2023-01-28 19:52:27 CET.
Flavor | Version | Tinstall | Tcheck | Ttotal | Status | Flags |
---|---|---|---|---|---|---|
r-devel-linux-x86_64-debian-clang | 0.0.9.2 | 7.78 | 66.05 | 73.83 | OK | |
r-devel-linux-x86_64-debian-gcc | 0.0.9.2 | 6.72 | 50.36 | 57.08 | OK | |
r-devel-linux-x86_64-fedora-clang | 0.0.9.2 | 93.74 | NOTE | |||
r-devel-linux-x86_64-fedora-gcc | 0.0.9.2 | 99.39 | NOTE | |||
r-patched-linux-x86_64 | 0.0.9.2 | 8.21 | 65.17 | 73.38 | OK | |
r-release-linux-x86_64 | 0.0.9.2 | 5.56 | 65.36 | 70.92 | OK | |
r-release-macos-arm64 | 0.0.9.2 | 27.00 | NOTE | |||
r-release-macos-x86_64 | 0.0.9.2 | 42.00 | NOTE | |||
r-release-windows-x86_64 | 0.0.9.2 | 28.00 | 93.00 | 121.00 | OK | |
r-oldrel-macos-arm64 | 0.0.9.2 | 26.00 | NOTE | |||
r-oldrel-macos-x86_64 | 0.0.9.2 | 39.00 | NOTE | |||
r-oldrel-windows-ix86+x86_64 | 0.0.9.2 | 22.00 | 88.00 | 110.00 | OK |
Version: 0.0.9.2
Check: dependencies in R code
Result: NOTE
Namespaces in Imports field not imported from:
‘RSQLite’ ‘dbplyr’
All declared Imports should be used.
Flavors: r-devel-linux-x86_64-fedora-clang, r-devel-linux-x86_64-fedora-gcc, r-release-macos-arm64, r-release-macos-x86_64, r-oldrel-macos-arm64, r-oldrel-macos-x86_64