CRAN Package Check Results for Package soundgen

Last updated on 2022-01-26 19:50:47 CET.

Flavor Version Tinstall Tcheck Ttotal Status Flags
r-devel-linux-x86_64-debian-clang 2.5.0 21.66 397.50 419.16 OK
r-devel-linux-x86_64-debian-gcc 2.5.0 18.17 283.91 302.08 OK
r-devel-linux-x86_64-fedora-clang 2.5.0 501.44 NOTE
r-devel-linux-x86_64-fedora-gcc 2.5.0 489.95 OK
r-devel-windows-x86_64-new-UL 2.5.0 363.00 539.00 902.00 NOTE
r-devel-windows-x86_64-new-TK 2.5.0 OK
r-patched-linux-x86_64 2.5.0 27.60 392.95 420.55 OK
r-release-linux-x86_64 2.5.0 19.94 388.17 408.11 OK
r-release-macos-arm64 2.5.0 NOTE
r-release-macos-x86_64 2.5.0 NOTE
r-release-windows-ix86+x86_64 2.5.0 38.00 500.00 538.00 NOTE
r-oldrel-macos-x86_64 2.5.0 NOTE
r-oldrel-windows-ix86+x86_64 2.5.0 38.00 490.00 528.00 NOTE

Check Details

Version: 2.5.0
Check: installed package size
Result: NOTE
     installed size is 7.4Mb
     sub-directories of 1Mb or more:
     doc 5.1Mb
Flavors: r-devel-linux-x86_64-fedora-clang, r-devel-windows-x86_64-new-UL, r-release-macos-arm64, r-release-macos-x86_64, r-release-windows-ix86+x86_64, r-oldrel-macos-x86_64, r-oldrel-windows-ix86+x86_64